{"id":34659,"date":"2022-01-13T08:47:06","date_gmt":"2022-01-13T11:47:06","guid":{"rendered":"https:\/\/www.museuhistoricosl.com.br\/loja\/produto\/xmuck-fd-0006\/"},"modified":"2022-01-13T08:47:06","modified_gmt":"2022-01-13T11:47:06","slug":"xmuck-fd-0006","status":"publish","type":"product","link":"https:\/\/www.museuhistoricosl.com.br\/loja\/produto\/xmuck-fd-0006\/","title":{"rendered":"XMUCK-FD-0006"},"content":{"rendered":"<p>Jacobina Mentz Maurer, anos ap\u00f3s o casamento. &#8211; C\u00f3digo anterior de cat\u00e1logo:FD 65-6; Fundo Mucker; Ajustar arquivo no D<\/p>\n","protected":false},"excerpt":{"rendered":"<p>Jacobina Mentz Maurer, anos ap\u00f3s o casamento. &#8211; C\u00f3digo anterior de cat\u00e1logo:FD 65-6; Fundo Mucker; Ajustar arquivo no D<\/p>\n","protected":false},"featured_media":34658,"comment_status":"open","ping_status":"closed","template":"","meta":{"_acf_changed":false},"product_cat":[83],"product_tag":[],"class_list":["post-34659","product","type-product","status-publish","has-post-thumbnail","hentry","product_cat-fundo-mucker"],"acf":[],"_links":{"self":[{"href":"https:\/\/www.museuhistoricosl.com.br\/loja\/wp-json\/wp\/v2\/product\/34659","targetHints":{"allow":["GET"]}}],"collection":[{"href":"https:\/\/www.museuhistoricosl.com.br\/loja\/wp-json\/wp\/v2\/product"}],"about":[{"href":"https:\/\/www.museuhistoricosl.com.br\/loja\/wp-json\/wp\/v2\/types\/product"}],"replies":[{"embeddable":true,"href":"https:\/\/www.museuhistoricosl.com.br\/loja\/wp-json\/wp\/v2\/comments?post=34659"}],"wp:featuredmedia":[{"embeddable":true,"href":"https:\/\/www.museuhistoricosl.com.br\/loja\/wp-json\/wp\/v2\/media\/34658"}],"wp:attachment":[{"href":"https:\/\/www.museuhistoricosl.com.br\/loja\/wp-json\/wp\/v2\/media?parent=34659"}],"wp:term":[{"taxonomy":"product_cat","embeddable":true,"href":"https:\/\/www.museuhistoricosl.com.br\/loja\/wp-json\/wp\/v2\/product_cat?post=34659"},{"taxonomy":"product_tag","embeddable":true,"href":"https:\/\/www.museuhistoricosl.com.br\/loja\/wp-json\/wp\/v2\/product_tag?post=34659"}],"curies":[{"name":"wp","href":"https:\/\/api.w.org\/{rel}","templated":true}]}}