{"id":34405,"date":"2022-01-12T09:41:26","date_gmt":"2022-01-12T12:41:26","guid":{"rendered":"https:\/\/www.museuhistoricosl.com.br\/loja\/produto\/xmepg-fd-0042\/"},"modified":"2022-01-12T09:41:26","modified_gmt":"2022-01-12T12:41:26","slug":"xmepg-fd-0042","status":"publish","type":"product","link":"https:\/\/www.museuhistoricosl.com.br\/loja\/produto\/xmepg-fd-0042\/","title":{"rendered":"XMEPG-FD-0042"},"content":{"rendered":"<p>C\u00e2mara de Vereadores, 1947, Lembran\u00e7a da 1\u00aa C\u00e2mara Municipal de S\u00e3o Leopoldo, 20 anos ap\u00f3s a inscri\u00e7\u00e3o de seus trabalhos, Comerando em 18\/04\/1968, Doador: Pel\u00e1gio de Paula; Fundo Maria Em\u00edlia de Paula Gusm\u00e3o; <\/p>\n","protected":false},"excerpt":{"rendered":"<p>C\u00e2mara de Vereadores, 1947, Lembran\u00e7a da 1\u00aa C\u00e2mara Municipal de S\u00e3o Leopoldo, 20 anos ap\u00f3s a inscri\u00e7\u00e3o de seus trabalhos,<\/p>\n","protected":false},"featured_media":34404,"comment_status":"open","ping_status":"closed","template":"","meta":{"_acf_changed":false},"product_cat":[82],"product_tag":[],"class_list":["post-34405","product","type-product","status-publish","has-post-thumbnail","hentry","product_cat-fundo-maria-emilia-de-paula-gusmao"],"acf":[],"_links":{"self":[{"href":"https:\/\/www.museuhistoricosl.com.br\/loja\/wp-json\/wp\/v2\/product\/34405","targetHints":{"allow":["GET"]}}],"collection":[{"href":"https:\/\/www.museuhistoricosl.com.br\/loja\/wp-json\/wp\/v2\/product"}],"about":[{"href":"https:\/\/www.museuhistoricosl.com.br\/loja\/wp-json\/wp\/v2\/types\/product"}],"replies":[{"embeddable":true,"href":"https:\/\/www.museuhistoricosl.com.br\/loja\/wp-json\/wp\/v2\/comments?post=34405"}],"wp:featuredmedia":[{"embeddable":true,"href":"https:\/\/www.museuhistoricosl.com.br\/loja\/wp-json\/wp\/v2\/media\/34404"}],"wp:attachment":[{"href":"https:\/\/www.museuhistoricosl.com.br\/loja\/wp-json\/wp\/v2\/media?parent=34405"}],"wp:term":[{"taxonomy":"product_cat","embeddable":true,"href":"https:\/\/www.museuhistoricosl.com.br\/loja\/wp-json\/wp\/v2\/product_cat?post=34405"},{"taxonomy":"product_tag","embeddable":true,"href":"https:\/\/www.museuhistoricosl.com.br\/loja\/wp-json\/wp\/v2\/product_tag?post=34405"}],"curies":[{"name":"wp","href":"https:\/\/api.w.org\/{rel}","templated":true}]}}

<p>Câmara de Vereadores, 1947, Lembrança da 1ª Câmara Municipal de São Leopoldo, 20 anos após a inscrição de seus trabalhos, Comerando em 18/04/1968, Doador: Pelágio de Paula; Fundo Maria Emília de Paula Gusmão; </p>

<p>Câmara de Vereadores, 1947, Lembrança da 1ª Câmara Municipal de São Leopoldo, 20 anos após a inscrição de seus trabalhos,</p>
