{"id":34351,"date":"2022-01-12T09:41:02","date_gmt":"2022-01-12T12:41:02","guid":{"rendered":"https:\/\/www.museuhistoricosl.com.br\/loja\/produto\/xmepg-fd-0015\/"},"modified":"2022-01-12T09:41:02","modified_gmt":"2022-01-12T12:41:02","slug":"xmepg-fd-0015","status":"publish","type":"product","link":"https:\/\/www.museuhistoricosl.com.br\/loja\/produto\/xmepg-fd-0015\/","title":{"rendered":"XMEPG-FD-0015"},"content":{"rendered":"<p>C\u00e2mara de Vereadores em 1959, Pres. C\u00e2mara, Em p\u00e9, da esquerda: Manoel Nunes, Olimpio S. Albrecht, Jo\u00e3o de Oliveira (Sapucaia), Aloysio Boll, Adriano Dias (Campo Bom), Sentados: Humberto Beierdorf (Ivoti), Maria Emilia de Paula, Honorio Silva, Jo\u00e3o Rosa, Antonio Neves e Celestino Coutinho, Doador: Pel\u00e1dio de Paula; Fundo Maria Em\u00edlia de Paula Gusm\u00e3o; <\/p>\n","protected":false},"excerpt":{"rendered":"<p>C\u00e2mara de Vereadores em 1959, Pres. C\u00e2mara, Em p\u00e9, da esquerda: Manoel Nunes, Olimpio S. Albrecht, Jo\u00e3o de Oliveira (Sapucaia),<\/p>\n","protected":false},"featured_media":34350,"comment_status":"open","ping_status":"closed","template":"","meta":{"_acf_changed":false},"product_cat":[82],"product_tag":[],"class_list":["post-34351","product","type-product","status-publish","has-post-thumbnail","hentry","product_cat-fundo-maria-emilia-de-paula-gusmao"],"acf":[],"_links":{"self":[{"href":"https:\/\/www.museuhistoricosl.com.br\/loja\/wp-json\/wp\/v2\/product\/34351","targetHints":{"allow":["GET"]}}],"collection":[{"href":"https:\/\/www.museuhistoricosl.com.br\/loja\/wp-json\/wp\/v2\/product"}],"about":[{"href":"https:\/\/www.museuhistoricosl.com.br\/loja\/wp-json\/wp\/v2\/types\/product"}],"replies":[{"embeddable":true,"href":"https:\/\/www.museuhistoricosl.com.br\/loja\/wp-json\/wp\/v2\/comments?post=34351"}],"wp:featuredmedia":[{"embeddable":true,"href":"https:\/\/www.museuhistoricosl.com.br\/loja\/wp-json\/wp\/v2\/media\/34350"}],"wp:attachment":[{"href":"https:\/\/www.museuhistoricosl.com.br\/loja\/wp-json\/wp\/v2\/media?parent=34351"}],"wp:term":[{"taxonomy":"product_cat","embeddable":true,"href":"https:\/\/www.museuhistoricosl.com.br\/loja\/wp-json\/wp\/v2\/product_cat?post=34351"},{"taxonomy":"product_tag","embeddable":true,"href":"https:\/\/www.museuhistoricosl.com.br\/loja\/wp-json\/wp\/v2\/product_tag?post=34351"}],"curies":[{"name":"wp","href":"https:\/\/api.w.org\/{rel}","templated":true}]}}

<p>Câmara de Vereadores em 1959, Pres. Câmara, Em pé, da esquerda: Manoel Nunes, Olimpio S. Albrecht, João de Oliveira (Sapucaia), Aloysio Boll, Adriano Dias (Campo Bom), Sentados: Humberto Beierdorf (Ivoti), Maria Emilia de Paula, Honorio Silva, João Rosa, Antonio Neves e Celestino Coutinho, Doador: Peládio de Paula; Fundo Maria Emília de Paula Gusmão; </p>

<p>Câmara de Vereadores em 1959, Pres. Câmara, Em pé, da esquerda: Manoel Nunes, Olimpio S. Albrecht, João de Oliveira (Sapucaia),</p>
