{"id":34341,"date":"2022-01-12T09:40:59","date_gmt":"2022-01-12T12:40:59","guid":{"rendered":"https:\/\/www.museuhistoricosl.com.br\/loja\/produto\/xmepg-fd-0010\/"},"modified":"2022-01-12T09:40:59","modified_gmt":"2022-01-12T12:40:59","slug":"xmepg-fd-0010","status":"publish","type":"product","link":"https:\/\/www.museuhistoricosl.com.br\/loja\/produto\/xmepg-fd-0010\/","title":{"rendered":"XMEPG-FD-0010"},"content":{"rendered":"<p>In\u00edcio da pavimenta\u00e7\u00e3o da rua D. Jo\u00e3o Becker, sendo Prefeita Dona Maria Emilia de Paula, 1959, ; Fundo Maria Em\u00edlia de Paula Gusm\u00e3o; <\/p>\n","protected":false},"excerpt":{"rendered":"<p>In\u00edcio da pavimenta\u00e7\u00e3o da rua D. Jo\u00e3o Becker, sendo Prefeita Dona Maria Emilia de Paula, 1959, ; Fundo Maria Em\u00edlia<\/p>\n","protected":false},"featured_media":34340,"comment_status":"open","ping_status":"closed","template":"","meta":{"_acf_changed":false},"product_cat":[82],"product_tag":[],"class_list":["post-34341","product","type-product","status-publish","has-post-thumbnail","hentry","product_cat-fundo-maria-emilia-de-paula-gusmao"],"acf":[],"_links":{"self":[{"href":"https:\/\/www.museuhistoricosl.com.br\/loja\/wp-json\/wp\/v2\/product\/34341","targetHints":{"allow":["GET"]}}],"collection":[{"href":"https:\/\/www.museuhistoricosl.com.br\/loja\/wp-json\/wp\/v2\/product"}],"about":[{"href":"https:\/\/www.museuhistoricosl.com.br\/loja\/wp-json\/wp\/v2\/types\/product"}],"replies":[{"embeddable":true,"href":"https:\/\/www.museuhistoricosl.com.br\/loja\/wp-json\/wp\/v2\/comments?post=34341"}],"wp:featuredmedia":[{"embeddable":true,"href":"https:\/\/www.museuhistoricosl.com.br\/loja\/wp-json\/wp\/v2\/media\/34340"}],"wp:attachment":[{"href":"https:\/\/www.museuhistoricosl.com.br\/loja\/wp-json\/wp\/v2\/media?parent=34341"}],"wp:term":[{"taxonomy":"product_cat","embeddable":true,"href":"https:\/\/www.museuhistoricosl.com.br\/loja\/wp-json\/wp\/v2\/product_cat?post=34341"},{"taxonomy":"product_tag","embeddable":true,"href":"https:\/\/www.museuhistoricosl.com.br\/loja\/wp-json\/wp\/v2\/product_tag?post=34341"}],"curies":[{"name":"wp","href":"https:\/\/api.w.org\/{rel}","templated":true}]}}

<p>Início da pavimentação da rua D. João Becker, sendo Prefeita Dona Maria Emilia de Paula, 1959, ; Fundo Maria Emília de Paula Gusmão; </p>

<p>Início da pavimentação da rua D. João Becker, sendo Prefeita Dona Maria Emilia de Paula, 1959, ; Fundo Maria Emília</p>
