{"id":34339,"date":"2022-01-12T09:40:58","date_gmt":"2022-01-12T12:40:58","guid":{"rendered":"https:\/\/www.museuhistoricosl.com.br\/loja\/produto\/xmepg-fd-0009\/"},"modified":"2022-01-12T09:40:58","modified_gmt":"2022-01-12T12:40:58","slug":"xmepg-fd-0009","status":"publish","type":"product","link":"https:\/\/www.museuhistoricosl.com.br\/loja\/produto\/xmepg-fd-0009\/","title":{"rendered":"XMEPG-FD-0009"},"content":{"rendered":"<p>Inicio dos trabalhos alargamento e asfaltamento da rua Dom Jo\u00e3o Becker em abril de 1959, Prefeita Maria Emilia de Paula, Br\u00e1sil Comaseto Gal, engenheiros Rosendo Priel Cid Candemil e Vendas Salvani Cap. Neotor Guenaraes, Paulo Sergio Guamau ?, Doado Pel\u00e1gio; Fundo Maria Em\u00edlia de Paula Gusm\u00e3o; <\/p>\n","protected":false},"excerpt":{"rendered":"<p>Inicio dos trabalhos alargamento e asfaltamento da rua Dom Jo\u00e3o Becker em abril de 1959, Prefeita Maria Emilia de Paula,<\/p>\n","protected":false},"featured_media":34338,"comment_status":"open","ping_status":"closed","template":"","meta":{"_acf_changed":false},"product_cat":[82],"product_tag":[],"class_list":["post-34339","product","type-product","status-publish","has-post-thumbnail","hentry","product_cat-fundo-maria-emilia-de-paula-gusmao"],"acf":[],"_links":{"self":[{"href":"https:\/\/www.museuhistoricosl.com.br\/loja\/wp-json\/wp\/v2\/product\/34339","targetHints":{"allow":["GET"]}}],"collection":[{"href":"https:\/\/www.museuhistoricosl.com.br\/loja\/wp-json\/wp\/v2\/product"}],"about":[{"href":"https:\/\/www.museuhistoricosl.com.br\/loja\/wp-json\/wp\/v2\/types\/product"}],"replies":[{"embeddable":true,"href":"https:\/\/www.museuhistoricosl.com.br\/loja\/wp-json\/wp\/v2\/comments?post=34339"}],"wp:featuredmedia":[{"embeddable":true,"href":"https:\/\/www.museuhistoricosl.com.br\/loja\/wp-json\/wp\/v2\/media\/34338"}],"wp:attachment":[{"href":"https:\/\/www.museuhistoricosl.com.br\/loja\/wp-json\/wp\/v2\/media?parent=34339"}],"wp:term":[{"taxonomy":"product_cat","embeddable":true,"href":"https:\/\/www.museuhistoricosl.com.br\/loja\/wp-json\/wp\/v2\/product_cat?post=34339"},{"taxonomy":"product_tag","embeddable":true,"href":"https:\/\/www.museuhistoricosl.com.br\/loja\/wp-json\/wp\/v2\/product_tag?post=34339"}],"curies":[{"name":"wp","href":"https:\/\/api.w.org\/{rel}","templated":true}]}}

<p>Inicio dos trabalhos alargamento e asfaltamento da rua Dom João Becker em abril de 1959, Prefeita Maria Emilia de Paula, Brásil Comaseto Gal, engenheiros Rosendo Priel Cid Candemil e Vendas Salvani Cap. Neotor Guenaraes, Paulo Sergio Guamau ?, Doado Pelágio; Fundo Maria Emília de Paula Gusmão; </p>

<p>Inicio dos trabalhos alargamento e asfaltamento da rua Dom João Becker em abril de 1959, Prefeita Maria Emilia de Paula,</p>
