{"id":34331,"date":"2022-01-12T09:40:55","date_gmt":"2022-01-12T12:40:55","guid":{"rendered":"https:\/\/www.museuhistoricosl.com.br\/loja\/produto\/xmepg-fd-0005\/"},"modified":"2022-01-12T09:40:55","modified_gmt":"2022-01-12T12:40:55","slug":"xmepg-fd-0005","status":"publish","type":"product","link":"https:\/\/www.museuhistoricosl.com.br\/loja\/produto\/xmepg-fd-0005\/","title":{"rendered":"XMEPG-FD-0005"},"content":{"rendered":"<p>Visita do governador do Rio grande do Sul Leonel de Moura Brizola \u00e0 S\u00e3o Leopoldo. Da esquerda para a direita: o primeiro \u00e9 Theodomiro Porto da Fonseca (ex-prefeito de S\u00e3o Leopoldo e ex-deputado federal); a quinta \u00e9 Maria Em\u00edlia de Paula (ex-vereadora e ex-prefeita de S\u00e3o Leopoldo); ao seu lado (sexta e s\u00e9timo), est\u00e1 Neuza Goulart (esposa de Leonel Brizola) e Leonel Brizola. Foto doada por Pel\u00e1gio de Paula. &#8211; C\u00f3digo anterior de cat\u00e1logo:FD 59-5; Fundo Maria Em\u00edlia de Paula Gusm\u00e3o; Ajustar arquivo no D<\/p>\n","protected":false},"excerpt":{"rendered":"<p>Visita do governador do Rio grande do Sul Leonel de Moura Brizola \u00e0 S\u00e3o Leopoldo. Da esquerda para a direita:<\/p>\n","protected":false},"featured_media":34330,"comment_status":"open","ping_status":"closed","template":"","meta":{"_acf_changed":false},"product_cat":[82],"product_tag":[],"class_list":["post-34331","product","type-product","status-publish","has-post-thumbnail","hentry","product_cat-fundo-maria-emilia-de-paula-gusmao"],"acf":[],"_links":{"self":[{"href":"https:\/\/www.museuhistoricosl.com.br\/loja\/wp-json\/wp\/v2\/product\/34331","targetHints":{"allow":["GET"]}}],"collection":[{"href":"https:\/\/www.museuhistoricosl.com.br\/loja\/wp-json\/wp\/v2\/product"}],"about":[{"href":"https:\/\/www.museuhistoricosl.com.br\/loja\/wp-json\/wp\/v2\/types\/product"}],"replies":[{"embeddable":true,"href":"https:\/\/www.museuhistoricosl.com.br\/loja\/wp-json\/wp\/v2\/comments?post=34331"}],"wp:featuredmedia":[{"embeddable":true,"href":"https:\/\/www.museuhistoricosl.com.br\/loja\/wp-json\/wp\/v2\/media\/34330"}],"wp:attachment":[{"href":"https:\/\/www.museuhistoricosl.com.br\/loja\/wp-json\/wp\/v2\/media?parent=34331"}],"wp:term":[{"taxonomy":"product_cat","embeddable":true,"href":"https:\/\/www.museuhistoricosl.com.br\/loja\/wp-json\/wp\/v2\/product_cat?post=34331"},{"taxonomy":"product_tag","embeddable":true,"href":"https:\/\/www.museuhistoricosl.com.br\/loja\/wp-json\/wp\/v2\/product_tag?post=34331"}],"curies":[{"name":"wp","href":"https:\/\/api.w.org\/{rel}","templated":true}]}}

<p>Visita do governador do Rio grande do Sul Leonel de Moura Brizola à São Leopoldo. Da esquerda para a direita: o primeiro é Theodomiro Porto da Fonseca (ex-prefeito de São Leopoldo e ex-deputado federal); a quinta é Maria Emília de Paula (ex-vereadora e ex-prefeita de São Leopoldo); ao seu lado (sexta e sétimo), está Neuza Goulart (esposa de Leonel Brizola) e Leonel Brizola. Foto doada por Pelágio de Paula. &#8211; Código anterior de catálogo:FD 59-5; Fundo Maria Emília de Paula Gusmão; Ajustar arquivo no D</p>

<p>Visita do governador do Rio grande do Sul Leonel de Moura Brizola à São Leopoldo. Da esquerda para a direita:</p>
