{"id":34329,"date":"2022-01-12T09:40:54","date_gmt":"2022-01-12T12:40:54","guid":{"rendered":"https:\/\/www.museuhistoricosl.com.br\/loja\/produto\/xmepg-fd-0004\/"},"modified":"2022-01-12T09:40:54","modified_gmt":"2022-01-12T12:40:54","slug":"xmepg-fd-0004","status":"publish","type":"product","link":"https:\/\/www.museuhistoricosl.com.br\/loja\/produto\/xmepg-fd-0004\/","title":{"rendered":"XMEPG-FD-0004"},"content":{"rendered":"<p>Vereadores Albrecht, eu, _______, dr. Beno Kaefer, vereador Kaefer, vereadores Rose e Boll; do outro lado, vereador Dias e senhora (h\u00e1, na foto, tamb\u00e9m o nome Pel\u00e1gio, referindo-se a Pel\u00e1gio de Paula, doador da foto).  &#8211; C\u00f3digo anterior de cat\u00e1logo:FD 59-4; Fundo Maria Em\u00edlia de Paula Gusm\u00e3o; Ajustar arquivo no D<\/p>\n","protected":false},"excerpt":{"rendered":"<p>Vereadores Albrecht, eu, _______, dr. Beno Kaefer, vereador Kaefer, vereadores Rose e Boll; do outro lado, vereador Dias e senhora<\/p>\n","protected":false},"featured_media":34328,"comment_status":"open","ping_status":"closed","template":"","meta":{"_acf_changed":false},"product_cat":[82],"product_tag":[],"class_list":["post-34329","product","type-product","status-publish","has-post-thumbnail","hentry","product_cat-fundo-maria-emilia-de-paula-gusmao"],"acf":[],"_links":{"self":[{"href":"https:\/\/www.museuhistoricosl.com.br\/loja\/wp-json\/wp\/v2\/product\/34329","targetHints":{"allow":["GET"]}}],"collection":[{"href":"https:\/\/www.museuhistoricosl.com.br\/loja\/wp-json\/wp\/v2\/product"}],"about":[{"href":"https:\/\/www.museuhistoricosl.com.br\/loja\/wp-json\/wp\/v2\/types\/product"}],"replies":[{"embeddable":true,"href":"https:\/\/www.museuhistoricosl.com.br\/loja\/wp-json\/wp\/v2\/comments?post=34329"}],"wp:featuredmedia":[{"embeddable":true,"href":"https:\/\/www.museuhistoricosl.com.br\/loja\/wp-json\/wp\/v2\/media\/34328"}],"wp:attachment":[{"href":"https:\/\/www.museuhistoricosl.com.br\/loja\/wp-json\/wp\/v2\/media?parent=34329"}],"wp:term":[{"taxonomy":"product_cat","embeddable":true,"href":"https:\/\/www.museuhistoricosl.com.br\/loja\/wp-json\/wp\/v2\/product_cat?post=34329"},{"taxonomy":"product_tag","embeddable":true,"href":"https:\/\/www.museuhistoricosl.com.br\/loja\/wp-json\/wp\/v2\/product_tag?post=34329"}],"curies":[{"name":"wp","href":"https:\/\/api.w.org\/{rel}","templated":true}]}}