{"id":34323,"date":"2022-01-12T09:40:52","date_gmt":"2022-01-12T12:40:52","guid":{"rendered":"https:\/\/www.museuhistoricosl.com.br\/loja\/produto\/xmepg-fd-0001\/"},"modified":"2022-01-12T09:40:52","modified_gmt":"2022-01-12T12:40:52","slug":"xmepg-fd-0001","status":"publish","type":"product","link":"https:\/\/www.museuhistoricosl.com.br\/loja\/produto\/xmepg-fd-0001\/","title":{"rendered":"XMEPG-FD-0001"},"content":{"rendered":"<p>Visita de Get\u00falio Vargas ao munic\u00edpio de S\u00e3o Leopoldo. Foto doada por Pel\u00e1gio de Paula. &#8211; C\u00f3digo anterior de cat\u00e1logo:FD 59-1; Fundo Maria Em\u00edlia de Paula Gusm\u00e3o; Ajustar arquivo no D<\/p>\n","protected":false},"excerpt":{"rendered":"<p>Visita de Get\u00falio Vargas ao munic\u00edpio de S\u00e3o Leopoldo. Foto doada por Pel\u00e1gio de Paula. &#8211; C\u00f3digo anterior de cat\u00e1logo:FD<\/p>\n","protected":false},"featured_media":34322,"comment_status":"open","ping_status":"closed","template":"","meta":{"_acf_changed":false},"product_cat":[82],"product_tag":[],"class_list":["post-34323","product","type-product","status-publish","has-post-thumbnail","hentry","product_cat-fundo-maria-emilia-de-paula-gusmao"],"acf":[],"_links":{"self":[{"href":"https:\/\/www.museuhistoricosl.com.br\/loja\/wp-json\/wp\/v2\/product\/34323","targetHints":{"allow":["GET"]}}],"collection":[{"href":"https:\/\/www.museuhistoricosl.com.br\/loja\/wp-json\/wp\/v2\/product"}],"about":[{"href":"https:\/\/www.museuhistoricosl.com.br\/loja\/wp-json\/wp\/v2\/types\/product"}],"replies":[{"embeddable":true,"href":"https:\/\/www.museuhistoricosl.com.br\/loja\/wp-json\/wp\/v2\/comments?post=34323"}],"wp:featuredmedia":[{"embeddable":true,"href":"https:\/\/www.museuhistoricosl.com.br\/loja\/wp-json\/wp\/v2\/media\/34322"}],"wp:attachment":[{"href":"https:\/\/www.museuhistoricosl.com.br\/loja\/wp-json\/wp\/v2\/media?parent=34323"}],"wp:term":[{"taxonomy":"product_cat","embeddable":true,"href":"https:\/\/www.museuhistoricosl.com.br\/loja\/wp-json\/wp\/v2\/product_cat?post=34323"},{"taxonomy":"product_tag","embeddable":true,"href":"https:\/\/www.museuhistoricosl.com.br\/loja\/wp-json\/wp\/v2\/product_tag?post=34323"}],"curies":[{"name":"wp","href":"https:\/\/api.w.org\/{rel}","templated":true}]}}

<p>Visita de Getúlio Vargas ao município de São Leopoldo. Foto doada por Pelágio de Paula. &#8211; Código anterior de catálogo:FD 59-1; Fundo Maria Emília de Paula Gusmão; Ajustar arquivo no D</p>

<p>Visita de Getúlio Vargas ao município de São Leopoldo. Foto doada por Pelágio de Paula. &#8211; Código anterior de catálogo:FD</p>
