{"id":34304,"date":"2022-01-12T09:25:59","date_gmt":"2022-01-12T12:25:59","guid":{"rendered":"https:\/\/www.museuhistoricosl.com.br\/loja\/produto\/xlbco-fd-0010\/"},"modified":"2022-01-12T09:25:59","modified_gmt":"2022-01-12T12:25:59","slug":"xlbco-fd-0010","status":"publish","type":"product","link":"https:\/\/www.museuhistoricosl.com.br\/loja\/produto\/xlbco-fd-0010\/","title":{"rendered":"XLBCO-FD-0010"},"content":{"rendered":"<p>Recebido em 01\/05\/1931 do Com\u00e9rcio do Rio de Janeiro, em solenidade no Mist\u00e9rio. Veja o fato no &#8220;Expo Collor&#8221;, Foto Nilson &#8211; C\u00f3digo anterior de cat\u00e1logo:XLBCO-FD-FD-0010; Fundo Lindolfo Collor; <\/p>\n","protected":false},"excerpt":{"rendered":"<p>Recebido em 01\/05\/1931 do Com\u00e9rcio do Rio de Janeiro, em solenidade no Mist\u00e9rio. Veja o fato no &#8220;Expo Collor&#8221;, Foto<\/p>\n","protected":false},"featured_media":34303,"comment_status":"open","ping_status":"closed","template":"","meta":{"_acf_changed":false},"product_cat":[81],"product_tag":[],"class_list":["post-34304","product","type-product","status-publish","has-post-thumbnail","hentry","product_cat-fundo-lindolfo-collor"],"acf":[],"_links":{"self":[{"href":"https:\/\/www.museuhistoricosl.com.br\/loja\/wp-json\/wp\/v2\/product\/34304","targetHints":{"allow":["GET"]}}],"collection":[{"href":"https:\/\/www.museuhistoricosl.com.br\/loja\/wp-json\/wp\/v2\/product"}],"about":[{"href":"https:\/\/www.museuhistoricosl.com.br\/loja\/wp-json\/wp\/v2\/types\/product"}],"replies":[{"embeddable":true,"href":"https:\/\/www.museuhistoricosl.com.br\/loja\/wp-json\/wp\/v2\/comments?post=34304"}],"wp:featuredmedia":[{"embeddable":true,"href":"https:\/\/www.museuhistoricosl.com.br\/loja\/wp-json\/wp\/v2\/media\/34303"}],"wp:attachment":[{"href":"https:\/\/www.museuhistoricosl.com.br\/loja\/wp-json\/wp\/v2\/media?parent=34304"}],"wp:term":[{"taxonomy":"product_cat","embeddable":true,"href":"https:\/\/www.museuhistoricosl.com.br\/loja\/wp-json\/wp\/v2\/product_cat?post=34304"},{"taxonomy":"product_tag","embeddable":true,"href":"https:\/\/www.museuhistoricosl.com.br\/loja\/wp-json\/wp\/v2\/product_tag?post=34304"}],"curies":[{"name":"wp","href":"https:\/\/api.w.org\/{rel}","templated":true}]}}

<p>Recebido em 01/05/1931 do Comércio do Rio de Janeiro, em solenidade no Mistério. Veja o fato no &#8220;Expo Collor&#8221;, Foto Nilson &#8211; Código anterior de catálogo:XLBCO-FD-FD-0010; Fundo Lindolfo Collor; </p>

<p>Recebido em 01/05/1931 do Comércio do Rio de Janeiro, em solenidade no Mistério. Veja o fato no &#8220;Expo Collor&#8221;, Foto</p>
