{"id":34300,"date":"2022-01-12T09:25:57","date_gmt":"2022-01-12T12:25:57","guid":{"rendered":"https:\/\/www.museuhistoricosl.com.br\/loja\/produto\/xlbco-fd-0008\/"},"modified":"2022-01-12T09:25:57","modified_gmt":"2022-01-12T12:25:57","slug":"xlbco-fd-0008","status":"publish","type":"product","link":"https:\/\/www.museuhistoricosl.com.br\/loja\/produto\/xlbco-fd-0008\/","title":{"rendered":"XLBCO-FD-0008"},"content":{"rendered":"<p>O Fogo Simb\u00f3lico da P\u00e1tria, corrida tradicional da Liga de Defesa Nacional, em 1990 (ano do centen\u00e1rio de Lindolfo Collor) recebeu o nome do grande filho leopoldense. Assim, o Fogo Simb\u00f3lico (Corrida anual em SL no dia da Semana do Imigrante) recebeu tamb\u00e9m esse nome e contou com a presen\u00e7a de Dona Leda Collor de Mello. Desse FOGO leopoldense foi tirada uma centelha para o archote do Fogo nacional, levado daqui at\u00e9 Bras\u00edlia. A equipe que acompanhou o Fogo (Vice-prefeito Henrique Prieto, Dagoberto Goulart, Carlos Maronez&#8230;) foi recebida em Bras\u00edlia pelo Pres. Fernando Collor e por Dona Leda. &#8211; C\u00f3digo anterior de cat\u00e1logo:XLBCO-FD-FD-0008; Fundo Lindolfo Collor; <\/p>\n","protected":false},"excerpt":{"rendered":"<p>O Fogo Simb\u00f3lico da P\u00e1tria, corrida tradicional da Liga de Defesa Nacional, em 1990 (ano do centen\u00e1rio de Lindolfo Collor)<\/p>\n","protected":false},"featured_media":34299,"comment_status":"open","ping_status":"closed","template":"","meta":{"_acf_changed":false},"product_cat":[81],"product_tag":[],"class_list":["post-34300","product","type-product","status-publish","has-post-thumbnail","hentry","product_cat-fundo-lindolfo-collor"],"acf":[],"_links":{"self":[{"href":"https:\/\/www.museuhistoricosl.com.br\/loja\/wp-json\/wp\/v2\/product\/34300","targetHints":{"allow":["GET"]}}],"collection":[{"href":"https:\/\/www.museuhistoricosl.com.br\/loja\/wp-json\/wp\/v2\/product"}],"about":[{"href":"https:\/\/www.museuhistoricosl.com.br\/loja\/wp-json\/wp\/v2\/types\/product"}],"replies":[{"embeddable":true,"href":"https:\/\/www.museuhistoricosl.com.br\/loja\/wp-json\/wp\/v2\/comments?post=34300"}],"wp:featuredmedia":[{"embeddable":true,"href":"https:\/\/www.museuhistoricosl.com.br\/loja\/wp-json\/wp\/v2\/media\/34299"}],"wp:attachment":[{"href":"https:\/\/www.museuhistoricosl.com.br\/loja\/wp-json\/wp\/v2\/media?parent=34300"}],"wp:term":[{"taxonomy":"product_cat","embeddable":true,"href":"https:\/\/www.museuhistoricosl.com.br\/loja\/wp-json\/wp\/v2\/product_cat?post=34300"},{"taxonomy":"product_tag","embeddable":true,"href":"https:\/\/www.museuhistoricosl.com.br\/loja\/wp-json\/wp\/v2\/product_tag?post=34300"}],"curies":[{"name":"wp","href":"https:\/\/api.w.org\/{rel}","templated":true}]}}

<p>O Fogo Simbólico da Pátria, corrida tradicional da Liga de Defesa Nacional, em 1990 (ano do centenário de Lindolfo Collor) recebeu o nome do grande filho leopoldense. Assim, o Fogo Simbólico (Corrida anual em SL no dia da Semana do Imigrante) recebeu também esse nome e contou com a presença de Dona Leda Collor de Mello. Desse FOGO leopoldense foi tirada uma centelha para o archote do Fogo nacional, levado daqui até Brasília. A equipe que acompanhou o Fogo (Vice-prefeito Henrique Prieto, Dagoberto Goulart, Carlos Maronez&#8230;) foi recebida em Brasília pelo Pres. Fernando Collor e por Dona Leda. &#8211; Código anterior de catálogo:XLBCO-FD-FD-0008; Fundo Lindolfo Collor; </p>

<p>O Fogo Simbólico da Pátria, corrida tradicional da Liga de Defesa Nacional, em 1990 (ano do centenário de Lindolfo Collor)</p>
