{"id":34288,"date":"2022-01-12T09:25:52","date_gmt":"2022-01-12T12:25:52","guid":{"rendered":"https:\/\/www.museuhistoricosl.com.br\/loja\/produto\/xlbco-fd-0002\/"},"modified":"2022-01-12T09:25:52","modified_gmt":"2022-01-12T12:25:52","slug":"xlbco-fd-0002","status":"publish","type":"product","link":"https:\/\/www.museuhistoricosl.com.br\/loja\/produto\/xlbco-fd-0002\/","title":{"rendered":"XLBCO-FD-0002"},"content":{"rendered":"<p>Lindolfo Collor &#8211; primeiro ministro do Trabalho (provavelmente em seu gabinete ou escrit\u00f3rio &#8211; Rio de Janeiro). &#8211; C\u00f3digo anterior de cat\u00e1logo:FD 58-2; Fundo Lindolfo Collor; <\/p>\n","protected":false},"excerpt":{"rendered":"<p>Lindolfo Collor &#8211; primeiro ministro do Trabalho (provavelmente em seu gabinete ou escrit\u00f3rio &#8211; Rio de Janeiro). &#8211; C\u00f3digo anterior<\/p>\n","protected":false},"featured_media":34287,"comment_status":"open","ping_status":"closed","template":"","meta":{"_acf_changed":false},"product_cat":[81],"product_tag":[],"class_list":["post-34288","product","type-product","status-publish","has-post-thumbnail","hentry","product_cat-fundo-lindolfo-collor"],"acf":[],"_links":{"self":[{"href":"https:\/\/www.museuhistoricosl.com.br\/loja\/wp-json\/wp\/v2\/product\/34288","targetHints":{"allow":["GET"]}}],"collection":[{"href":"https:\/\/www.museuhistoricosl.com.br\/loja\/wp-json\/wp\/v2\/product"}],"about":[{"href":"https:\/\/www.museuhistoricosl.com.br\/loja\/wp-json\/wp\/v2\/types\/product"}],"replies":[{"embeddable":true,"href":"https:\/\/www.museuhistoricosl.com.br\/loja\/wp-json\/wp\/v2\/comments?post=34288"}],"wp:featuredmedia":[{"embeddable":true,"href":"https:\/\/www.museuhistoricosl.com.br\/loja\/wp-json\/wp\/v2\/media\/34287"}],"wp:attachment":[{"href":"https:\/\/www.museuhistoricosl.com.br\/loja\/wp-json\/wp\/v2\/media?parent=34288"}],"wp:term":[{"taxonomy":"product_cat","embeddable":true,"href":"https:\/\/www.museuhistoricosl.com.br\/loja\/wp-json\/wp\/v2\/product_cat?post=34288"},{"taxonomy":"product_tag","embeddable":true,"href":"https:\/\/www.museuhistoricosl.com.br\/loja\/wp-json\/wp\/v2\/product_tag?post=34288"}],"curies":[{"name":"wp","href":"https:\/\/api.w.org\/{rel}","templated":true}]}}

<p>Lindolfo Collor &#8211; primeiro ministro do Trabalho (provavelmente em seu gabinete ou escritório &#8211; Rio de Janeiro). &#8211; Código anterior de catálogo:FD 58-2; Fundo Lindolfo Collor; </p>

<p>Lindolfo Collor &#8211; primeiro ministro do Trabalho (provavelmente em seu gabinete ou escritório &#8211; Rio de Janeiro). &#8211; Código anterior</p>
