{"id":34004,"date":"2022-01-12T09:10:42","date_gmt":"2022-01-12T12:10:42","guid":{"rendered":"https:\/\/www.museuhistoricosl.com.br\/loja\/produto\/xggne-fd-0001\/"},"modified":"2022-01-12T09:10:42","modified_gmt":"2022-01-12T12:10:42","slug":"xggne-fd-0001","status":"publish","type":"product","link":"https:\/\/www.museuhistoricosl.com.br\/loja\/produto\/xggne-fd-0001\/","title":{"rendered":"XGGNE-FD-0001"},"content":{"rendered":"<p>Duiduido (nome a confirmar) e Gen. Von Moser, comandou uma divis\u00e3o em Ypris &#8211; passou uma semana soterrado &#8211; C\u00f3digo anterior de cat\u00e1logo:XGGNE &#8211; FD &#8211; 0001; Fundo Guilherme Gaelzer Neto; <\/p>\n","protected":false},"excerpt":{"rendered":"<p>Duiduido (nome a confirmar) e Gen. Von Moser, comandou uma divis\u00e3o em Ypris &#8211; passou uma semana soterrado &#8211; C\u00f3digo<\/p>\n","protected":false},"featured_media":34003,"comment_status":"open","ping_status":"closed","template":"","meta":{"_acf_changed":false},"product_cat":[79],"product_tag":[],"class_list":["post-34004","product","type-product","status-publish","has-post-thumbnail","hentry","product_cat-fundo-guilherme-gaelzer-neto"],"acf":[],"_links":{"self":[{"href":"https:\/\/www.museuhistoricosl.com.br\/loja\/wp-json\/wp\/v2\/product\/34004","targetHints":{"allow":["GET"]}}],"collection":[{"href":"https:\/\/www.museuhistoricosl.com.br\/loja\/wp-json\/wp\/v2\/product"}],"about":[{"href":"https:\/\/www.museuhistoricosl.com.br\/loja\/wp-json\/wp\/v2\/types\/product"}],"replies":[{"embeddable":true,"href":"https:\/\/www.museuhistoricosl.com.br\/loja\/wp-json\/wp\/v2\/comments?post=34004"}],"wp:featuredmedia":[{"embeddable":true,"href":"https:\/\/www.museuhistoricosl.com.br\/loja\/wp-json\/wp\/v2\/media\/34003"}],"wp:attachment":[{"href":"https:\/\/www.museuhistoricosl.com.br\/loja\/wp-json\/wp\/v2\/media?parent=34004"}],"wp:term":[{"taxonomy":"product_cat","embeddable":true,"href":"https:\/\/www.museuhistoricosl.com.br\/loja\/wp-json\/wp\/v2\/product_cat?post=34004"},{"taxonomy":"product_tag","embeddable":true,"href":"https:\/\/www.museuhistoricosl.com.br\/loja\/wp-json\/wp\/v2\/product_tag?post=34004"}],"curies":[{"name":"wp","href":"https:\/\/api.w.org\/{rel}","templated":true}]}}

<p>Duiduido (nome a confirmar) e Gen. Von Moser, comandou uma divisão em Ypris &#8211; passou uma semana soterrado &#8211; Código anterior de catálogo:XGGNE &#8211; FD &#8211; 0001; Fundo Guilherme Gaelzer Neto; </p>

<p>Duiduido (nome a confirmar) e Gen. Von Moser, comandou uma divisão em Ypris &#8211; passou uma semana soterrado &#8211; Código</p>
