{"id":3328,"date":"2021-12-16T14:01:54","date_gmt":"2021-12-16T17:01:54","guid":{"rendered":"https:\/\/www.museuhistoricosl.com.br\/novosite\/produto\/sl024-fd-0016\/"},"modified":"2021-12-16T14:01:54","modified_gmt":"2021-12-16T17:01:54","slug":"sl024-fd-0016","status":"publish","type":"product","link":"https:\/\/www.museuhistoricosl.com.br\/loja\/produto\/sl024-fd-0016\/","title":{"rendered":"SL024-FD-0016"},"content":{"rendered":"<p>Pedra fundamental da Igreja Evang\u00e9lica, 27\/11\/1907. &#8211; C\u00f3digo anterior de cat\u00e1logo:FD 24,16; Comunidade Evang\u00e9lica Luterana em S\u00e3o Leopoldo; <\/p>\n","protected":false},"excerpt":{"rendered":"<p>Pedra fundamental da Igreja Evang\u00e9lica, 27\/11\/1907. &#8211; C\u00f3digo anterior de cat\u00e1logo:FD 24,16; Comunidade Evang\u00e9lica Luterana em S\u00e3o Leopoldo;<\/p>\n","protected":false},"featured_media":3327,"comment_status":"open","ping_status":"closed","template":"","meta":{"_acf_changed":false},"product_cat":[36],"product_tag":[],"class_list":["post-3328","product","type-product","status-publish","has-post-thumbnail","hentry","product_cat-comunidade-evangelica-luterana-em-sao-leopoldo"],"acf":[],"_links":{"self":[{"href":"https:\/\/www.museuhistoricosl.com.br\/loja\/wp-json\/wp\/v2\/product\/3328","targetHints":{"allow":["GET"]}}],"collection":[{"href":"https:\/\/www.museuhistoricosl.com.br\/loja\/wp-json\/wp\/v2\/product"}],"about":[{"href":"https:\/\/www.museuhistoricosl.com.br\/loja\/wp-json\/wp\/v2\/types\/product"}],"replies":[{"embeddable":true,"href":"https:\/\/www.museuhistoricosl.com.br\/loja\/wp-json\/wp\/v2\/comments?post=3328"}],"wp:featuredmedia":[{"embeddable":true,"href":"https:\/\/www.museuhistoricosl.com.br\/loja\/wp-json\/wp\/v2\/media\/3327"}],"wp:attachment":[{"href":"https:\/\/www.museuhistoricosl.com.br\/loja\/wp-json\/wp\/v2\/media?parent=3328"}],"wp:term":[{"taxonomy":"product_cat","embeddable":true,"href":"https:\/\/www.museuhistoricosl.com.br\/loja\/wp-json\/wp\/v2\/product_cat?post=3328"},{"taxonomy":"product_tag","embeddable":true,"href":"https:\/\/www.museuhistoricosl.com.br\/loja\/wp-json\/wp\/v2\/product_tag?post=3328"}],"curies":[{"name":"wp","href":"https:\/\/api.w.org\/{rel}","templated":true}]}}

<p>Pedra fundamental da Igreja Evangélica, 27/11/1907. &#8211; Código anterior de catálogo:FD 24,16; Comunidade Evangélica Luterana em São Leopoldo; </p>

<p>Pedra fundamental da Igreja Evangélica, 27/11/1907. &#8211; Código anterior de catálogo:FD 24,16; Comunidade Evangélica Luterana em São Leopoldo;</p>
