{"id":3324,"date":"2021-12-16T14:01:53","date_gmt":"2021-12-16T17:01:53","guid":{"rendered":"https:\/\/www.museuhistoricosl.com.br\/novosite\/produto\/sl024-fd-0014\/"},"modified":"2021-12-16T14:01:53","modified_gmt":"2021-12-16T17:01:53","slug":"sl024-fd-0014","status":"publish","type":"product","link":"https:\/\/www.museuhistoricosl.com.br\/loja\/produto\/sl024-fd-0014\/","title":{"rendered":"SL024-FD-0014"},"content":{"rendered":"<p>Escola da Comunidade Evang\u00e9lica \u2013 S\u00e3o Leopoldo 1912; \u00e0 direita, de meias listradas, TheklaHaertel. \u00c0 sua esquerda, Lina Haertel, professora ErnaSchilling, professor B\u00f6hm. &#8211; C\u00f3digo anterior de cat\u00e1logo:FD 24,14; Comunidade Evang\u00e9lica Luterana em S\u00e3o Leopoldo; <\/p>\n","protected":false},"excerpt":{"rendered":"<p>Escola da Comunidade Evang\u00e9lica \u2013 S\u00e3o Leopoldo 1912; \u00e0 direita, de meias listradas, TheklaHaertel. \u00c0 sua esquerda, Lina Haertel, professora<\/p>\n","protected":false},"featured_media":3323,"comment_status":"open","ping_status":"closed","template":"","meta":{"_acf_changed":false},"product_cat":[36],"product_tag":[],"class_list":["post-3324","product","type-product","status-publish","has-post-thumbnail","hentry","product_cat-comunidade-evangelica-luterana-em-sao-leopoldo"],"acf":[],"_links":{"self":[{"href":"https:\/\/www.museuhistoricosl.com.br\/loja\/wp-json\/wp\/v2\/product\/3324","targetHints":{"allow":["GET"]}}],"collection":[{"href":"https:\/\/www.museuhistoricosl.com.br\/loja\/wp-json\/wp\/v2\/product"}],"about":[{"href":"https:\/\/www.museuhistoricosl.com.br\/loja\/wp-json\/wp\/v2\/types\/product"}],"replies":[{"embeddable":true,"href":"https:\/\/www.museuhistoricosl.com.br\/loja\/wp-json\/wp\/v2\/comments?post=3324"}],"wp:featuredmedia":[{"embeddable":true,"href":"https:\/\/www.museuhistoricosl.com.br\/loja\/wp-json\/wp\/v2\/media\/3323"}],"wp:attachment":[{"href":"https:\/\/www.museuhistoricosl.com.br\/loja\/wp-json\/wp\/v2\/media?parent=3324"}],"wp:term":[{"taxonomy":"product_cat","embeddable":true,"href":"https:\/\/www.museuhistoricosl.com.br\/loja\/wp-json\/wp\/v2\/product_cat?post=3324"},{"taxonomy":"product_tag","embeddable":true,"href":"https:\/\/www.museuhistoricosl.com.br\/loja\/wp-json\/wp\/v2\/product_tag?post=3324"}],"curies":[{"name":"wp","href":"https:\/\/api.w.org\/{rel}","templated":true}]}}

<p>Escola da Comunidade Evangélica – São Leopoldo 1912; à direita, de meias listradas, TheklaHaertel. À sua esquerda, Lina Haertel, professora ErnaSchilling, professor Böhm. &#8211; Código anterior de catálogo:FD 24,14; Comunidade Evangélica Luterana em São Leopoldo; </p>

<p>Escola da Comunidade Evangélica – São Leopoldo 1912; à direita, de meias listradas, TheklaHaertel. À sua esquerda, Lina Haertel, professora</p>
