{"id":3312,"date":"2021-12-16T14:01:52","date_gmt":"2021-12-16T17:01:52","guid":{"rendered":"https:\/\/www.museuhistoricosl.com.br\/novosite\/produto\/sl024-fd-0008\/"},"modified":"2021-12-16T14:01:52","modified_gmt":"2021-12-16T17:01:52","slug":"sl024-fd-0008","status":"publish","type":"product","link":"https:\/\/www.museuhistoricosl.com.br\/loja\/produto\/sl024-fd-0008\/","title":{"rendered":"SL024-FD-0008"},"content":{"rendered":"<p>Festa da P\u00e1scoa na Ch\u00e1cara Schmidt. Sr. Em\u00edlio M\u00fcller, Oscar Dreinte, Alberto Danber, Adolfo Moog. &#8211; C\u00f3digo anterior de cat\u00e1logo:FD 24,08; Comunidade Evang\u00e9lica Luterana em S\u00e3o Leopoldo; <\/p>\n","protected":false},"excerpt":{"rendered":"<p>Festa da P\u00e1scoa na Ch\u00e1cara Schmidt. Sr. Em\u00edlio M\u00fcller, Oscar Dreinte, Alberto Danber, Adolfo Moog. &#8211; C\u00f3digo anterior de cat\u00e1logo:FD<\/p>\n","protected":false},"featured_media":3311,"comment_status":"open","ping_status":"closed","template":"","meta":{"_acf_changed":false},"product_cat":[36],"product_tag":[],"class_list":["post-3312","product","type-product","status-publish","has-post-thumbnail","hentry","product_cat-comunidade-evangelica-luterana-em-sao-leopoldo"],"acf":[],"_links":{"self":[{"href":"https:\/\/www.museuhistoricosl.com.br\/loja\/wp-json\/wp\/v2\/product\/3312","targetHints":{"allow":["GET"]}}],"collection":[{"href":"https:\/\/www.museuhistoricosl.com.br\/loja\/wp-json\/wp\/v2\/product"}],"about":[{"href":"https:\/\/www.museuhistoricosl.com.br\/loja\/wp-json\/wp\/v2\/types\/product"}],"replies":[{"embeddable":true,"href":"https:\/\/www.museuhistoricosl.com.br\/loja\/wp-json\/wp\/v2\/comments?post=3312"}],"wp:featuredmedia":[{"embeddable":true,"href":"https:\/\/www.museuhistoricosl.com.br\/loja\/wp-json\/wp\/v2\/media\/3311"}],"wp:attachment":[{"href":"https:\/\/www.museuhistoricosl.com.br\/loja\/wp-json\/wp\/v2\/media?parent=3312"}],"wp:term":[{"taxonomy":"product_cat","embeddable":true,"href":"https:\/\/www.museuhistoricosl.com.br\/loja\/wp-json\/wp\/v2\/product_cat?post=3312"},{"taxonomy":"product_tag","embeddable":true,"href":"https:\/\/www.museuhistoricosl.com.br\/loja\/wp-json\/wp\/v2\/product_tag?post=3312"}],"curies":[{"name":"wp","href":"https:\/\/api.w.org\/{rel}","templated":true}]}}

<p>Festa da Páscoa na Chácara Schmidt. Sr. Emílio Müller, Oscar Dreinte, Alberto Danber, Adolfo Moog. &#8211; Código anterior de catálogo:FD 24,08; Comunidade Evangélica Luterana em São Leopoldo; </p>

<p>Festa da Páscoa na Chácara Schmidt. Sr. Emílio Müller, Oscar Dreinte, Alberto Danber, Adolfo Moog. &#8211; Código anterior de catálogo:FD</p>
