{"id":3306,"date":"2021-12-16T14:01:51","date_gmt":"2021-12-16T17:01:51","guid":{"rendered":"https:\/\/www.museuhistoricosl.com.br\/novosite\/produto\/sl024-fd-0005\/"},"modified":"2021-12-16T14:01:51","modified_gmt":"2021-12-16T17:01:51","slug":"sl024-fd-0005","status":"publish","type":"product","link":"https:\/\/www.museuhistoricosl.com.br\/loja\/produto\/sl024-fd-0005\/","title":{"rendered":"SL024-FD-0005"},"content":{"rendered":"<p>Escola da Comunidade Evang\u00e9lica IV classe \u2013 1925. Da esquerda para a direita: 1\u00aa fila: Thusnelda Biehl, &#8230;, Helma Morbach, Norma Blauth, Frida Sander. 2\u00aa fila: Edwino Engelmann, Carlos Seewald, Arno Renner, Walter vonEsenwein. 3\u00aa fila: G\u00fcnther Schreiner, Walter Drechsler, Erni Falk, Jacob Renner, Arm\u00ednio Biehl. &#8211; C\u00f3digo anterior de cat\u00e1logo:FD 24,05; Comunidade Evang\u00e9lica Luterana em S\u00e3o Leopoldo; <\/p>\n","protected":false},"excerpt":{"rendered":"<p>Escola da Comunidade Evang\u00e9lica IV classe \u2013 1925. Da esquerda para a direita: 1\u00aa fila: Thusnelda Biehl, &#8230;, Helma Morbach,<\/p>\n","protected":false},"featured_media":3305,"comment_status":"open","ping_status":"closed","template":"","meta":{"_acf_changed":false},"product_cat":[36],"product_tag":[],"class_list":["post-3306","product","type-product","status-publish","has-post-thumbnail","hentry","product_cat-comunidade-evangelica-luterana-em-sao-leopoldo"],"acf":[],"_links":{"self":[{"href":"https:\/\/www.museuhistoricosl.com.br\/loja\/wp-json\/wp\/v2\/product\/3306","targetHints":{"allow":["GET"]}}],"collection":[{"href":"https:\/\/www.museuhistoricosl.com.br\/loja\/wp-json\/wp\/v2\/product"}],"about":[{"href":"https:\/\/www.museuhistoricosl.com.br\/loja\/wp-json\/wp\/v2\/types\/product"}],"replies":[{"embeddable":true,"href":"https:\/\/www.museuhistoricosl.com.br\/loja\/wp-json\/wp\/v2\/comments?post=3306"}],"wp:featuredmedia":[{"embeddable":true,"href":"https:\/\/www.museuhistoricosl.com.br\/loja\/wp-json\/wp\/v2\/media\/3305"}],"wp:attachment":[{"href":"https:\/\/www.museuhistoricosl.com.br\/loja\/wp-json\/wp\/v2\/media?parent=3306"}],"wp:term":[{"taxonomy":"product_cat","embeddable":true,"href":"https:\/\/www.museuhistoricosl.com.br\/loja\/wp-json\/wp\/v2\/product_cat?post=3306"},{"taxonomy":"product_tag","embeddable":true,"href":"https:\/\/www.museuhistoricosl.com.br\/loja\/wp-json\/wp\/v2\/product_tag?post=3306"}],"curies":[{"name":"wp","href":"https:\/\/api.w.org\/{rel}","templated":true}]}}

<p>Escola da Comunidade Evangélica IV classe – 1925. Da esquerda para a direita: 1ª fila: Thusnelda Biehl, &#8230;, Helma Morbach, Norma Blauth, Frida Sander. 2ª fila: Edwino Engelmann, Carlos Seewald, Arno Renner, Walter vonEsenwein. 3ª fila: Günther Schreiner, Walter Drechsler, Erni Falk, Jacob Renner, Armínio Biehl. &#8211; Código anterior de catálogo:FD 24,05; Comunidade Evangélica Luterana em São Leopoldo; </p>

<p>Escola da Comunidade Evangélica IV classe – 1925. Da esquerda para a direita: 1ª fila: Thusnelda Biehl, &#8230;, Helma Morbach,</p>
