{"id":3302,"date":"2021-12-16T14:01:50","date_gmt":"2021-12-16T17:01:50","guid":{"rendered":"https:\/\/www.museuhistoricosl.com.br\/novosite\/produto\/sl024-fd-0003\/"},"modified":"2021-12-16T14:01:50","modified_gmt":"2021-12-16T17:01:50","slug":"sl024-fd-0003","status":"publish","type":"product","link":"https:\/\/www.museuhistoricosl.com.br\/loja\/produto\/sl024-fd-0003\/","title":{"rendered":"SL024-FD-0003"},"content":{"rendered":"<p>Escola da Comunidade Evang\u00e9lica, passeio no Arroio Manteiga. Atr\u00e1s (ponto) Carlos Seewald; frente (&#8230;) Rolf Rotermund, 1925. &#8211; C\u00f3digo anterior de cat\u00e1logo:FD 24,03; Comunidade Evang\u00e9lica Luterana em S\u00e3o Leopoldo; <\/p>\n","protected":false},"excerpt":{"rendered":"<p>Escola da Comunidade Evang\u00e9lica, passeio no Arroio Manteiga. Atr\u00e1s (ponto) Carlos Seewald; frente (&#8230;) Rolf Rotermund, 1925. &#8211; C\u00f3digo anterior<\/p>\n","protected":false},"featured_media":3301,"comment_status":"open","ping_status":"closed","template":"","meta":{"_acf_changed":false},"product_cat":[36],"product_tag":[],"class_list":["post-3302","product","type-product","status-publish","has-post-thumbnail","hentry","product_cat-comunidade-evangelica-luterana-em-sao-leopoldo"],"acf":[],"_links":{"self":[{"href":"https:\/\/www.museuhistoricosl.com.br\/loja\/wp-json\/wp\/v2\/product\/3302","targetHints":{"allow":["GET"]}}],"collection":[{"href":"https:\/\/www.museuhistoricosl.com.br\/loja\/wp-json\/wp\/v2\/product"}],"about":[{"href":"https:\/\/www.museuhistoricosl.com.br\/loja\/wp-json\/wp\/v2\/types\/product"}],"replies":[{"embeddable":true,"href":"https:\/\/www.museuhistoricosl.com.br\/loja\/wp-json\/wp\/v2\/comments?post=3302"}],"wp:featuredmedia":[{"embeddable":true,"href":"https:\/\/www.museuhistoricosl.com.br\/loja\/wp-json\/wp\/v2\/media\/3301"}],"wp:attachment":[{"href":"https:\/\/www.museuhistoricosl.com.br\/loja\/wp-json\/wp\/v2\/media?parent=3302"}],"wp:term":[{"taxonomy":"product_cat","embeddable":true,"href":"https:\/\/www.museuhistoricosl.com.br\/loja\/wp-json\/wp\/v2\/product_cat?post=3302"},{"taxonomy":"product_tag","embeddable":true,"href":"https:\/\/www.museuhistoricosl.com.br\/loja\/wp-json\/wp\/v2\/product_tag?post=3302"}],"curies":[{"name":"wp","href":"https:\/\/api.w.org\/{rel}","templated":true}]}}

<p>Escola da Comunidade Evangélica, passeio no Arroio Manteiga. Atrás (ponto) Carlos Seewald; frente (&#8230;) Rolf Rotermund, 1925. &#8211; Código anterior de catálogo:FD 24,03; Comunidade Evangélica Luterana em São Leopoldo; </p>

<p>Escola da Comunidade Evangélica, passeio no Arroio Manteiga. Atrás (ponto) Carlos Seewald; frente (&#8230;) Rolf Rotermund, 1925. &#8211; Código anterior</p>
