{"id":32888,"date":"2022-01-11T08:22:37","date_gmt":"2022-01-11T11:22:37","guid":{"rendered":"https:\/\/www.museuhistoricosl.com.br\/loja\/produto\/faaax-fd-0004\/"},"modified":"2022-01-11T08:22:37","modified_gmt":"2022-01-11T11:22:37","slug":"faaax-fd-0004","status":"publish","type":"product","link":"https:\/\/www.museuhistoricosl.com.br\/loja\/produto\/faaax-fd-0004\/","title":{"rendered":"FAAAX-FD-0004"},"content":{"rendered":"<p>Copa da Velha Sra. Orpeu. Sr. Marcelino, no centro, de carapu\u00e7a. 1\u00aa filha da esquerda para direita: Saturno Cordova, Romeu Marcellino, Edgar Mohr, Mario Heitor Perez, Mario Saldanha. 2\u00aa fila da esquerda para direita: Ant\u00f4nio Vieira, Rafael Marcelino Netto (filho de Romeu), apelido Faeco. &#8211; C\u00f3digo anterior de cat\u00e1logo:FD 39,4; Fundo Fam\u00edlias Diversas; <\/p>\n","protected":false},"excerpt":{"rendered":"<p>Copa da Velha Sra. Orpeu. Sr. Marcelino, no centro, de carapu\u00e7a. 1\u00aa filha da esquerda para direita: Saturno Cordova, Romeu<\/p>\n","protected":false},"featured_media":32887,"comment_status":"open","ping_status":"closed","template":"","meta":{"_acf_changed":false},"product_cat":[78],"product_tag":[],"class_list":["post-32888","product","type-product","status-publish","has-post-thumbnail","hentry","product_cat-fundo-familias-diversas"],"acf":[],"_links":{"self":[{"href":"https:\/\/www.museuhistoricosl.com.br\/loja\/wp-json\/wp\/v2\/product\/32888","targetHints":{"allow":["GET"]}}],"collection":[{"href":"https:\/\/www.museuhistoricosl.com.br\/loja\/wp-json\/wp\/v2\/product"}],"about":[{"href":"https:\/\/www.museuhistoricosl.com.br\/loja\/wp-json\/wp\/v2\/types\/product"}],"replies":[{"embeddable":true,"href":"https:\/\/www.museuhistoricosl.com.br\/loja\/wp-json\/wp\/v2\/comments?post=32888"}],"wp:featuredmedia":[{"embeddable":true,"href":"https:\/\/www.museuhistoricosl.com.br\/loja\/wp-json\/wp\/v2\/media\/32887"}],"wp:attachment":[{"href":"https:\/\/www.museuhistoricosl.com.br\/loja\/wp-json\/wp\/v2\/media?parent=32888"}],"wp:term":[{"taxonomy":"product_cat","embeddable":true,"href":"https:\/\/www.museuhistoricosl.com.br\/loja\/wp-json\/wp\/v2\/product_cat?post=32888"},{"taxonomy":"product_tag","embeddable":true,"href":"https:\/\/www.museuhistoricosl.com.br\/loja\/wp-json\/wp\/v2\/product_tag?post=32888"}],"curies":[{"name":"wp","href":"https:\/\/api.w.org\/{rel}","templated":true}]}}