{"id":32403,"date":"2022-01-11T07:53:28","date_gmt":"2022-01-11T10:53:28","guid":{"rendered":"https:\/\/www.museuhistoricosl.com.br\/loja\/produto\/fsau1-fd-0042\/"},"modified":"2022-01-11T07:53:28","modified_gmt":"2022-01-11T10:53:28","slug":"fsau1-fd-0042","status":"publish","type":"product","link":"https:\/\/www.museuhistoricosl.com.br\/loja\/produto\/fsau1-fd-0042\/","title":{"rendered":"FSAU1-FD-0042"},"content":{"rendered":"<p>Grossschoenau, d. 20.11.35. Lieber Hermann und liebe Cora, Ihr seid nun &#8230; wieder zu Hause angelangt. Bei uns macht sich der Winter bemerkbar. Es hat schon Schnee gelegen, ist aber wieder geschmolzen. Das obere Gebirge ist angeblich &#8230; und das Wiesen&#8230; Anbei zwei Aufnahmen von unser Kammaenderung noch ein &#8230; No. I Besteigerung des Fessel&#8230; No. II &#8230;haus 10. Die &#8230; haette in der Hand &#8230; Fuer heute will ich schliessen. Seid herzlichst gegruesst von Allen und von Kunz. &#8211; C\u00f3digo anterior de cat\u00e1logo:FD LS,42; Fundo Fam\u00edlia Sauer; <\/p>\n","protected":false},"excerpt":{"rendered":"<p>Grossschoenau, d. 20.11.35. Lieber Hermann und liebe Cora, Ihr seid nun &#8230; wieder zu Hause angelangt. Bei uns macht sich<\/p>\n","protected":false},"featured_media":32402,"comment_status":"open","ping_status":"closed","template":"","meta":{"_acf_changed":false},"product_cat":[75],"product_tag":[],"class_list":["post-32403","product","type-product","status-publish","has-post-thumbnail","hentry","product_cat-fundo-familia-sauer"],"acf":[],"_links":{"self":[{"href":"https:\/\/www.museuhistoricosl.com.br\/loja\/wp-json\/wp\/v2\/product\/32403","targetHints":{"allow":["GET"]}}],"collection":[{"href":"https:\/\/www.museuhistoricosl.com.br\/loja\/wp-json\/wp\/v2\/product"}],"about":[{"href":"https:\/\/www.museuhistoricosl.com.br\/loja\/wp-json\/wp\/v2\/types\/product"}],"replies":[{"embeddable":true,"href":"https:\/\/www.museuhistoricosl.com.br\/loja\/wp-json\/wp\/v2\/comments?post=32403"}],"wp:featuredmedia":[{"embeddable":true,"href":"https:\/\/www.museuhistoricosl.com.br\/loja\/wp-json\/wp\/v2\/media\/32402"}],"wp:attachment":[{"href":"https:\/\/www.museuhistoricosl.com.br\/loja\/wp-json\/wp\/v2\/media?parent=32403"}],"wp:term":[{"taxonomy":"product_cat","embeddable":true,"href":"https:\/\/www.museuhistoricosl.com.br\/loja\/wp-json\/wp\/v2\/product_cat?post=32403"},{"taxonomy":"product_tag","embeddable":true,"href":"https:\/\/www.museuhistoricosl.com.br\/loja\/wp-json\/wp\/v2\/product_tag?post=32403"}],"curies":[{"name":"wp","href":"https:\/\/api.w.org\/{rel}","templated":true}]}}

<p>Grossschoenau, d. 20.11.35. Lieber Hermann und liebe Cora, Ihr seid nun &#8230; wieder zu Hause angelangt. Bei uns macht sich der Winter bemerkbar. Es hat schon Schnee gelegen, ist aber wieder geschmolzen. Das obere Gebirge ist angeblich &#8230; und das Wiesen&#8230; Anbei zwei Aufnahmen von unser Kammaenderung noch ein &#8230; No. I Besteigerung des Fessel&#8230; No. II &#8230;haus 10. Die &#8230; haette in der Hand &#8230; Fuer heute will ich schliessen. Seid herzlichst gegruesst von Allen und von Kunz. &#8211; Código anterior de catálogo:FD LS,42; Fundo Família Sauer; </p>
