{"id":32357,"date":"2022-01-11T07:53:10","date_gmt":"2022-01-11T10:53:10","guid":{"rendered":"https:\/\/www.museuhistoricosl.com.br\/loja\/produto\/fsau1-fd-0019\/"},"modified":"2022-01-11T07:53:10","modified_gmt":"2022-01-11T10:53:10","slug":"fsau1-fd-0019","status":"publish","type":"product","link":"https:\/\/www.museuhistoricosl.com.br\/loja\/produto\/fsau1-fd-0019\/","title":{"rendered":"FSAU1-FD-0019"},"content":{"rendered":"<p>Sem identifica\u00e7\u00e3o (tr\u00eas meninos). Fotografado por Atelier J. A. Porcello, Porto Alegre. &#8211; C\u00f3digo anterior de cat\u00e1logo:FD LS,19; Fundo Fam\u00edlia Sauer; <\/p>\n","protected":false},"excerpt":{"rendered":"<p>Sem identifica\u00e7\u00e3o (tr\u00eas meninos). Fotografado por Atelier J. A. Porcello, Porto Alegre. &#8211; C\u00f3digo anterior de cat\u00e1logo:FD LS,19; Fundo Fam\u00edlia<\/p>\n","protected":false},"featured_media":32356,"comment_status":"open","ping_status":"closed","template":"","meta":{"_acf_changed":false},"product_cat":[75],"product_tag":[],"class_list":["post-32357","product","type-product","status-publish","has-post-thumbnail","hentry","product_cat-fundo-familia-sauer"],"acf":[],"_links":{"self":[{"href":"https:\/\/www.museuhistoricosl.com.br\/loja\/wp-json\/wp\/v2\/product\/32357","targetHints":{"allow":["GET"]}}],"collection":[{"href":"https:\/\/www.museuhistoricosl.com.br\/loja\/wp-json\/wp\/v2\/product"}],"about":[{"href":"https:\/\/www.museuhistoricosl.com.br\/loja\/wp-json\/wp\/v2\/types\/product"}],"replies":[{"embeddable":true,"href":"https:\/\/www.museuhistoricosl.com.br\/loja\/wp-json\/wp\/v2\/comments?post=32357"}],"wp:featuredmedia":[{"embeddable":true,"href":"https:\/\/www.museuhistoricosl.com.br\/loja\/wp-json\/wp\/v2\/media\/32356"}],"wp:attachment":[{"href":"https:\/\/www.museuhistoricosl.com.br\/loja\/wp-json\/wp\/v2\/media?parent=32357"}],"wp:term":[{"taxonomy":"product_cat","embeddable":true,"href":"https:\/\/www.museuhistoricosl.com.br\/loja\/wp-json\/wp\/v2\/product_cat?post=32357"},{"taxonomy":"product_tag","embeddable":true,"href":"https:\/\/www.museuhistoricosl.com.br\/loja\/wp-json\/wp\/v2\/product_tag?post=32357"}],"curies":[{"name":"wp","href":"https:\/\/api.w.org\/{rel}","templated":true}]}}

<p>Sem identificação (três meninos). Fotografado por Atelier J. A. Porcello, Porto Alegre. &#8211; Código anterior de catálogo:FD LS,19; Fundo Família Sauer; </p>

<p>Sem identificação (três meninos). Fotografado por Atelier J. A. Porcello, Porto Alegre. &#8211; Código anterior de catálogo:FD LS,19; Fundo Família</p>
