{"id":32345,"date":"2022-01-11T07:53:06","date_gmt":"2022-01-11T10:53:06","guid":{"rendered":"https:\/\/www.museuhistoricosl.com.br\/loja\/produto\/fsau1-fd-0013\/"},"modified":"2022-01-11T07:53:06","modified_gmt":"2022-01-11T10:53:06","slug":"fsau1-fd-0013","status":"publish","type":"product","link":"https:\/\/www.museuhistoricosl.com.br\/loja\/produto\/fsau1-fd-0013\/","title":{"rendered":"FSAU1-FD-0013"},"content":{"rendered":"<p>Theobaldo Kruse, sendo a esposa Alda com saia escura. No centro Wilma, irm\u00e3 de Alda. Doado por Vi\u00fava Alda Kruse. &#8211; C\u00f3digo anterior de cat\u00e1logo:FD LS,13; Fundo Fam\u00edlia Sauer; <\/p>\n","protected":false},"excerpt":{"rendered":"<p>Theobaldo Kruse, sendo a esposa Alda com saia escura. No centro Wilma, irm\u00e3 de Alda. Doado por Vi\u00fava Alda Kruse.<\/p>\n","protected":false},"featured_media":32344,"comment_status":"open","ping_status":"closed","template":"","meta":{"_acf_changed":false},"product_cat":[75],"product_tag":[],"class_list":["post-32345","product","type-product","status-publish","has-post-thumbnail","hentry","product_cat-fundo-familia-sauer"],"acf":[],"_links":{"self":[{"href":"https:\/\/www.museuhistoricosl.com.br\/loja\/wp-json\/wp\/v2\/product\/32345","targetHints":{"allow":["GET"]}}],"collection":[{"href":"https:\/\/www.museuhistoricosl.com.br\/loja\/wp-json\/wp\/v2\/product"}],"about":[{"href":"https:\/\/www.museuhistoricosl.com.br\/loja\/wp-json\/wp\/v2\/types\/product"}],"replies":[{"embeddable":true,"href":"https:\/\/www.museuhistoricosl.com.br\/loja\/wp-json\/wp\/v2\/comments?post=32345"}],"wp:featuredmedia":[{"embeddable":true,"href":"https:\/\/www.museuhistoricosl.com.br\/loja\/wp-json\/wp\/v2\/media\/32344"}],"wp:attachment":[{"href":"https:\/\/www.museuhistoricosl.com.br\/loja\/wp-json\/wp\/v2\/media?parent=32345"}],"wp:term":[{"taxonomy":"product_cat","embeddable":true,"href":"https:\/\/www.museuhistoricosl.com.br\/loja\/wp-json\/wp\/v2\/product_cat?post=32345"},{"taxonomy":"product_tag","embeddable":true,"href":"https:\/\/www.museuhistoricosl.com.br\/loja\/wp-json\/wp\/v2\/product_tag?post=32345"}],"curies":[{"name":"wp","href":"https:\/\/api.w.org\/{rel}","templated":true}]}}

<p>Theobaldo Kruse, sendo a esposa Alda com saia escura. No centro Wilma, irmã de Alda. Doado por Viúva Alda Kruse. &#8211; Código anterior de catálogo:FD LS,13; Fundo Família Sauer; </p>

<p>Theobaldo Kruse, sendo a esposa Alda com saia escura. No centro Wilma, irmã de Alda. Doado por Viúva Alda Kruse.</p>
