{"id":32072,"date":"2022-01-10T09:54:44","date_gmt":"2022-01-10T12:54:44","guid":{"rendered":"https:\/\/www.museuhistoricosl.com.br\/loja\/produto\/sl044-fd-0072\/"},"modified":"2022-01-10T09:54:44","modified_gmt":"2022-01-10T12:54:44","slug":"sl044-fd-0072","status":"publish","type":"product","link":"https:\/\/www.museuhistoricosl.com.br\/loja\/produto\/sl044-fd-0072\/","title":{"rendered":"SL044-FD-0072"},"content":{"rendered":"<p>Jantar na inaugura\u00e7\u00e3o do Jazzo-Cond &#8220;Carej\u00f3s&#8221;, \u00e0 direita: Osvaldo Volko, Carlinhos Bier, Florentino, Mando Spohr, Ruben Crusino, Holefonso, Haas ?, \u00e0 esquerda: Leop\u00ba Vieira, Osvaldo Blanth, Armindo Veeck, Jos\u00e9 Oliveira, Toco -e, Sede dos Carej\u00f3s, 1926, Doador: Paulo de Paula, 83; Fundo Fam\u00edlia Moog; <\/p>\n","protected":false},"excerpt":{"rendered":"<p>Jantar na inaugura\u00e7\u00e3o do Jazzo-Cond &#8220;Carej\u00f3s&#8221;, \u00e0 direita: Osvaldo Volko, Carlinhos Bier, Florentino, Mando Spohr, Ruben Crusino, Holefonso, Haas ?,<\/p>\n","protected":false},"featured_media":32071,"comment_status":"open","ping_status":"closed","template":"","meta":{"_acf_changed":false},"product_cat":[73],"product_tag":[],"class_list":["post-32072","product","type-product","status-publish","has-post-thumbnail","hentry","product_cat-fundo-familia-moog"],"acf":[],"_links":{"self":[{"href":"https:\/\/www.museuhistoricosl.com.br\/loja\/wp-json\/wp\/v2\/product\/32072","targetHints":{"allow":["GET"]}}],"collection":[{"href":"https:\/\/www.museuhistoricosl.com.br\/loja\/wp-json\/wp\/v2\/product"}],"about":[{"href":"https:\/\/www.museuhistoricosl.com.br\/loja\/wp-json\/wp\/v2\/types\/product"}],"replies":[{"embeddable":true,"href":"https:\/\/www.museuhistoricosl.com.br\/loja\/wp-json\/wp\/v2\/comments?post=32072"}],"wp:featuredmedia":[{"embeddable":true,"href":"https:\/\/www.museuhistoricosl.com.br\/loja\/wp-json\/wp\/v2\/media\/32071"}],"wp:attachment":[{"href":"https:\/\/www.museuhistoricosl.com.br\/loja\/wp-json\/wp\/v2\/media?parent=32072"}],"wp:term":[{"taxonomy":"product_cat","embeddable":true,"href":"https:\/\/www.museuhistoricosl.com.br\/loja\/wp-json\/wp\/v2\/product_cat?post=32072"},{"taxonomy":"product_tag","embeddable":true,"href":"https:\/\/www.museuhistoricosl.com.br\/loja\/wp-json\/wp\/v2\/product_tag?post=32072"}],"curies":[{"name":"wp","href":"https:\/\/api.w.org\/{rel}","templated":true}]}}

<p>Jantar na inauguração do Jazzo-Cond &#8220;Carejós&#8221;, à direita: Osvaldo Volko, Carlinhos Bier, Florentino, Mando Spohr, Ruben Crusino, Holefonso, Haas ?, à esquerda: Leopº Vieira, Osvaldo Blanth, Armindo Veeck, José Oliveira, Toco -e, Sede dos Carejós, 1926, Doador: Paulo de Paula, 83; Fundo Família Moog; </p>

<p>Jantar na inauguração do Jazzo-Cond &#8220;Carejós&#8221;, à direita: Osvaldo Volko, Carlinhos Bier, Florentino, Mando Spohr, Ruben Crusino, Holefonso, Haas ?,</p>
