{"id":32052,"date":"2022-01-10T09:54:35","date_gmt":"2022-01-10T12:54:35","guid":{"rendered":"https:\/\/www.museuhistoricosl.com.br\/loja\/produto\/sl044-fd-0062\/"},"modified":"2022-01-10T09:54:35","modified_gmt":"2022-01-10T12:54:35","slug":"sl044-fd-0062","status":"publish","type":"product","link":"https:\/\/www.museuhistoricosl.com.br\/loja\/produto\/sl044-fd-0062\/","title":{"rendered":"SL044-FD-0062"},"content":{"rendered":"<p>A bordo do Ara\u00e7atuba em viagem ao Rio de Janeiro. Clodomir Vianna Moog com o salva-vidas na m\u00e3o. Carmelita Moog de branco e Cora Moog debru\u00e7ada sobre o ombro de outra mo\u00e7a, de escuro esposa de Vianna Moog, 1930, Doador: Carmelita Moog; Fundo Fam\u00edlia Moog; <\/p>\n","protected":false},"excerpt":{"rendered":"<p>A bordo do Ara\u00e7atuba em viagem ao Rio de Janeiro. Clodomir Vianna Moog com o salva-vidas na m\u00e3o. Carmelita Moog<\/p>\n","protected":false},"featured_media":32051,"comment_status":"open","ping_status":"closed","template":"","meta":{"_acf_changed":false},"product_cat":[73],"product_tag":[],"class_list":["post-32052","product","type-product","status-publish","has-post-thumbnail","hentry","product_cat-fundo-familia-moog"],"acf":[],"_links":{"self":[{"href":"https:\/\/www.museuhistoricosl.com.br\/loja\/wp-json\/wp\/v2\/product\/32052","targetHints":{"allow":["GET"]}}],"collection":[{"href":"https:\/\/www.museuhistoricosl.com.br\/loja\/wp-json\/wp\/v2\/product"}],"about":[{"href":"https:\/\/www.museuhistoricosl.com.br\/loja\/wp-json\/wp\/v2\/types\/product"}],"replies":[{"embeddable":true,"href":"https:\/\/www.museuhistoricosl.com.br\/loja\/wp-json\/wp\/v2\/comments?post=32052"}],"wp:featuredmedia":[{"embeddable":true,"href":"https:\/\/www.museuhistoricosl.com.br\/loja\/wp-json\/wp\/v2\/media\/32051"}],"wp:attachment":[{"href":"https:\/\/www.museuhistoricosl.com.br\/loja\/wp-json\/wp\/v2\/media?parent=32052"}],"wp:term":[{"taxonomy":"product_cat","embeddable":true,"href":"https:\/\/www.museuhistoricosl.com.br\/loja\/wp-json\/wp\/v2\/product_cat?post=32052"},{"taxonomy":"product_tag","embeddable":true,"href":"https:\/\/www.museuhistoricosl.com.br\/loja\/wp-json\/wp\/v2\/product_tag?post=32052"}],"curies":[{"name":"wp","href":"https:\/\/api.w.org\/{rel}","templated":true}]}}