{"id":31968,"date":"2022-01-10T09:54:01","date_gmt":"2022-01-10T12:54:01","guid":{"rendered":"https:\/\/www.museuhistoricosl.com.br\/loja\/produto\/sl044-fd-0020\/"},"modified":"2022-01-10T09:54:01","modified_gmt":"2022-01-10T12:54:01","slug":"sl044-fd-0020","status":"publish","type":"product","link":"https:\/\/www.museuhistoricosl.com.br\/loja\/produto\/sl044-fd-0020\/","title":{"rendered":"SL044-FD-0020"},"content":{"rendered":"<p>Reuni\u00e3o Ch\u00e1 de Caridade, Sociedade Orpheu. Sentadas: Carminha Foga\u00e7a, Elsa K. Doernte e _______ na mesa Elly Steigleder, Maria Vianna Moog, Hilda Borges Fortes, Ernestina Azambuja, Serena Breckele, L\u00facia Ganz Alencastro. &#8211; C\u00f3digo anterior de cat\u00e1logo:FD 44-20; Fundo Fam\u00edlia Moog; <\/p>\n","protected":false},"excerpt":{"rendered":"<p>Reuni\u00e3o Ch\u00e1 de Caridade, Sociedade Orpheu. Sentadas: Carminha Foga\u00e7a, Elsa K. Doernte e _______ na mesa Elly Steigleder, Maria Vianna<\/p>\n","protected":false},"featured_media":31967,"comment_status":"open","ping_status":"closed","template":"","meta":{"_acf_changed":false},"product_cat":[73],"product_tag":[],"class_list":["post-31968","product","type-product","status-publish","has-post-thumbnail","hentry","product_cat-fundo-familia-moog"],"acf":[],"_links":{"self":[{"href":"https:\/\/www.museuhistoricosl.com.br\/loja\/wp-json\/wp\/v2\/product\/31968","targetHints":{"allow":["GET"]}}],"collection":[{"href":"https:\/\/www.museuhistoricosl.com.br\/loja\/wp-json\/wp\/v2\/product"}],"about":[{"href":"https:\/\/www.museuhistoricosl.com.br\/loja\/wp-json\/wp\/v2\/types\/product"}],"replies":[{"embeddable":true,"href":"https:\/\/www.museuhistoricosl.com.br\/loja\/wp-json\/wp\/v2\/comments?post=31968"}],"wp:featuredmedia":[{"embeddable":true,"href":"https:\/\/www.museuhistoricosl.com.br\/loja\/wp-json\/wp\/v2\/media\/31967"}],"wp:attachment":[{"href":"https:\/\/www.museuhistoricosl.com.br\/loja\/wp-json\/wp\/v2\/media?parent=31968"}],"wp:term":[{"taxonomy":"product_cat","embeddable":true,"href":"https:\/\/www.museuhistoricosl.com.br\/loja\/wp-json\/wp\/v2\/product_cat?post=31968"},{"taxonomy":"product_tag","embeddable":true,"href":"https:\/\/www.museuhistoricosl.com.br\/loja\/wp-json\/wp\/v2\/product_tag?post=31968"}],"curies":[{"name":"wp","href":"https:\/\/api.w.org\/{rel}","templated":true}]}}

<p>Reunião Chá de Caridade, Sociedade Orpheu. Sentadas: Carminha Fogaça, Elsa K. Doernte e _______ na mesa Elly Steigleder, Maria Vianna Moog, Hilda Borges Fortes, Ernestina Azambuja, Serena Breckele, Lúcia Ganz Alencastro. &#8211; Código anterior de catálogo:FD 44-20; Fundo Família Moog; </p>

<p>Reunião Chá de Caridade, Sociedade Orpheu. Sentadas: Carminha Fogaça, Elsa K. Doernte e _______ na mesa Elly Steigleder, Maria Vianna</p>
