{"id":31705,"date":"2022-01-10T09:25:58","date_gmt":"2022-01-10T12:25:58","guid":{"rendered":"https:\/\/www.museuhistoricosl.com.br\/loja\/produto\/flut1-fd-0034\/"},"modified":"2022-01-10T09:25:58","modified_gmt":"2022-01-10T12:25:58","slug":"flut1-fd-0034","status":"publish","type":"product","link":"https:\/\/www.museuhistoricosl.com.br\/loja\/produto\/flut1-fd-0034\/","title":{"rendered":"FLUT1-FD-0034"},"content":{"rendered":"<p>Em Tramanda\u00ed, Em p\u00e9: Germano Lang, Breno Ebling e esposa Elly Lang, Sentados: Luiza Lang (esposa Gesman Lang), Ricardo Bieri e Camila Bieri (m\u00e3e de Ricardo), Blanca H. Doesnte; Fundo Fam\u00edlia L\u00fctke; <\/p>\n","protected":false},"excerpt":{"rendered":"<p>Em Tramanda\u00ed, Em p\u00e9: Germano Lang, Breno Ebling e esposa Elly Lang, Sentados: Luiza Lang (esposa Gesman Lang), Ricardo Bieri<\/p>\n","protected":false},"featured_media":31704,"comment_status":"open","ping_status":"closed","template":"","meta":{"_acf_changed":false},"product_cat":[72],"product_tag":[],"class_list":["post-31705","product","type-product","status-publish","has-post-thumbnail","hentry","product_cat-fundo-familia-lutke"],"acf":[],"_links":{"self":[{"href":"https:\/\/www.museuhistoricosl.com.br\/loja\/wp-json\/wp\/v2\/product\/31705","targetHints":{"allow":["GET"]}}],"collection":[{"href":"https:\/\/www.museuhistoricosl.com.br\/loja\/wp-json\/wp\/v2\/product"}],"about":[{"href":"https:\/\/www.museuhistoricosl.com.br\/loja\/wp-json\/wp\/v2\/types\/product"}],"replies":[{"embeddable":true,"href":"https:\/\/www.museuhistoricosl.com.br\/loja\/wp-json\/wp\/v2\/comments?post=31705"}],"wp:featuredmedia":[{"embeddable":true,"href":"https:\/\/www.museuhistoricosl.com.br\/loja\/wp-json\/wp\/v2\/media\/31704"}],"wp:attachment":[{"href":"https:\/\/www.museuhistoricosl.com.br\/loja\/wp-json\/wp\/v2\/media?parent=31705"}],"wp:term":[{"taxonomy":"product_cat","embeddable":true,"href":"https:\/\/www.museuhistoricosl.com.br\/loja\/wp-json\/wp\/v2\/product_cat?post=31705"},{"taxonomy":"product_tag","embeddable":true,"href":"https:\/\/www.museuhistoricosl.com.br\/loja\/wp-json\/wp\/v2\/product_tag?post=31705"}],"curies":[{"name":"wp","href":"https:\/\/api.w.org\/{rel}","templated":true}]}}

<p>Em Tramandaí, Em pé: Germano Lang, Breno Ebling e esposa Elly Lang, Sentados: Luiza Lang (esposa Gesman Lang), Ricardo Bieri e Camila Bieri (mãe de Ricardo), Blanca H. Doesnte; Fundo Família Lütke; </p>

<p>Em Tramandaí, Em pé: Germano Lang, Breno Ebling e esposa Elly Lang, Sentados: Luiza Lang (esposa Gesman Lang), Ricardo Bieri</p>
