{"id":31659,"date":"2022-01-10T09:25:41","date_gmt":"2022-01-10T12:25:41","guid":{"rendered":"https:\/\/www.museuhistoricosl.com.br\/loja\/produto\/flut1-fd-0011\/"},"modified":"2022-01-10T09:25:41","modified_gmt":"2022-01-10T12:25:41","slug":"flut1-fd-0011","status":"publish","type":"product","link":"https:\/\/www.museuhistoricosl.com.br\/loja\/produto\/flut1-fd-0011\/","title":{"rendered":"FLUT1-FD-0011"},"content":{"rendered":"<p>Einige Deiner Klassen &#8211; Kameraden von links nach rechts, Elsa Ballensberger, Martha Rulschmann, Klara L\u00e4derach, Emil Sch\u00fcrpf, Lydia Giger, Martha Firth, Max Firth; Fundo Fam\u00edlia L\u00fctke; <\/p>\n","protected":false},"excerpt":{"rendered":"<p>Einige Deiner Klassen &#8211; Kameraden von links nach rechts, Elsa Ballensberger, Martha Rulschmann, Klara L\u00e4derach, Emil Sch\u00fcrpf, Lydia Giger, Martha<\/p>\n","protected":false},"featured_media":31658,"comment_status":"open","ping_status":"closed","template":"","meta":{"_acf_changed":false},"product_cat":[72],"product_tag":[],"class_list":["post-31659","product","type-product","status-publish","has-post-thumbnail","hentry","product_cat-fundo-familia-lutke"],"acf":[],"_links":{"self":[{"href":"https:\/\/www.museuhistoricosl.com.br\/loja\/wp-json\/wp\/v2\/product\/31659","targetHints":{"allow":["GET"]}}],"collection":[{"href":"https:\/\/www.museuhistoricosl.com.br\/loja\/wp-json\/wp\/v2\/product"}],"about":[{"href":"https:\/\/www.museuhistoricosl.com.br\/loja\/wp-json\/wp\/v2\/types\/product"}],"replies":[{"embeddable":true,"href":"https:\/\/www.museuhistoricosl.com.br\/loja\/wp-json\/wp\/v2\/comments?post=31659"}],"wp:featuredmedia":[{"embeddable":true,"href":"https:\/\/www.museuhistoricosl.com.br\/loja\/wp-json\/wp\/v2\/media\/31658"}],"wp:attachment":[{"href":"https:\/\/www.museuhistoricosl.com.br\/loja\/wp-json\/wp\/v2\/media?parent=31659"}],"wp:term":[{"taxonomy":"product_cat","embeddable":true,"href":"https:\/\/www.museuhistoricosl.com.br\/loja\/wp-json\/wp\/v2\/product_cat?post=31659"},{"taxonomy":"product_tag","embeddable":true,"href":"https:\/\/www.museuhistoricosl.com.br\/loja\/wp-json\/wp\/v2\/product_tag?post=31659"}],"curies":[{"name":"wp","href":"https:\/\/api.w.org\/{rel}","templated":true}]}}

<p>Einige Deiner Klassen &#8211; Kameraden von links nach rechts, Elsa Ballensberger, Martha Rulschmann, Klara Läderach, Emil Schürpf, Lydia Giger, Martha Firth, Max Firth; Fundo Família Lütke; </p>

<p>Einige Deiner Klassen &#8211; Kameraden von links nach rechts, Elsa Ballensberger, Martha Rulschmann, Klara Läderach, Emil Schürpf, Lydia Giger, Martha</p>
