{"id":3129,"date":"2021-12-16T10:36:28","date_gmt":"2021-12-16T13:36:28","guid":{"rendered":"https:\/\/www.museuhistoricosl.com.br\/novosite\/produto\/sl017-fd-0039\/"},"modified":"2021-12-16T10:36:28","modified_gmt":"2021-12-16T13:36:28","slug":"sl017-fd-0039","status":"publish","type":"product","link":"https:\/\/www.museuhistoricosl.com.br\/loja\/produto\/sl017-fd-0039\/","title":{"rendered":"SL017-FD-0039"},"content":{"rendered":"<p>A Prefeitura de Porto Alegre e a secretaria Municipal da Cultura, por interm\u00e9dio da Coordena\u00e7\u00e3o da Mem\u00f3ria Cultural, conta com sua presen\u00e7a para a abertura da exposi\u00e7\u00e3o Em torno do Mercado. Dia 30 de Novembro de 2005, \u00e0s 11h no Memorial do Mercado. &#8211; C\u00f3digo anterior de cat\u00e1logo:FD-17,39; Casas e Pr\u00e9dios; <\/p>\n","protected":false},"excerpt":{"rendered":"<p>A Prefeitura de Porto Alegre e a secretaria Municipal da Cultura, por interm\u00e9dio da Coordena\u00e7\u00e3o da Mem\u00f3ria Cultural, conta com<\/p>\n","protected":false},"featured_media":3128,"comment_status":"open","ping_status":"closed","template":"","meta":{"_acf_changed":false},"product_cat":[35],"product_tag":[],"class_list":["post-3129","product","type-product","status-publish","has-post-thumbnail","hentry","product_cat-casas-e-predios"],"acf":[],"_links":{"self":[{"href":"https:\/\/www.museuhistoricosl.com.br\/loja\/wp-json\/wp\/v2\/product\/3129","targetHints":{"allow":["GET"]}}],"collection":[{"href":"https:\/\/www.museuhistoricosl.com.br\/loja\/wp-json\/wp\/v2\/product"}],"about":[{"href":"https:\/\/www.museuhistoricosl.com.br\/loja\/wp-json\/wp\/v2\/types\/product"}],"replies":[{"embeddable":true,"href":"https:\/\/www.museuhistoricosl.com.br\/loja\/wp-json\/wp\/v2\/comments?post=3129"}],"wp:featuredmedia":[{"embeddable":true,"href":"https:\/\/www.museuhistoricosl.com.br\/loja\/wp-json\/wp\/v2\/media\/3128"}],"wp:attachment":[{"href":"https:\/\/www.museuhistoricosl.com.br\/loja\/wp-json\/wp\/v2\/media?parent=3129"}],"wp:term":[{"taxonomy":"product_cat","embeddable":true,"href":"https:\/\/www.museuhistoricosl.com.br\/loja\/wp-json\/wp\/v2\/product_cat?post=3129"},{"taxonomy":"product_tag","embeddable":true,"href":"https:\/\/www.museuhistoricosl.com.br\/loja\/wp-json\/wp\/v2\/product_tag?post=3129"}],"curies":[{"name":"wp","href":"https:\/\/api.w.org\/{rel}","templated":true}]}}

<p>A Prefeitura de Porto Alegre e a secretaria Municipal da Cultura, por intermédio da Coordenação da Memória Cultural, conta com sua presença para a abertura da exposição Em torno do Mercado. Dia 30 de Novembro de 2005, às 11h no Memorial do Mercado. &#8211; Código anterior de catálogo:FD-17,39; Casas e Prédios; </p>

<p>A Prefeitura de Porto Alegre e a secretaria Municipal da Cultura, por intermédio da Coordenação da Memória Cultural, conta com</p>
