{"id":30702,"date":"2022-01-07T07:52:44","date_gmt":"2022-01-07T10:52:44","guid":{"rendered":"https:\/\/www.museuhistoricosl.com.br\/loja\/produto\/sl046-fd-0150\/"},"modified":"2022-01-07T07:52:44","modified_gmt":"2022-01-07T10:52:44","slug":"sl046-fd-0150","status":"publish","type":"product","link":"https:\/\/www.museuhistoricosl.com.br\/loja\/produto\/sl046-fd-0150\/","title":{"rendered":"SL046-FD-0150"},"content":{"rendered":"<p>Casa do Imigrante, Casa da Feitoria, da esq. Para dir: Ministro do Tribunal de Contas Alberto Hoffmann, Prefeito Waldir Arthur Schmidt (discursando), Consulesa Hamburger Gorenflos, Embaixador (encoberto), Jair Soares, Governador do Esrado, Germano Oscar Moehlecke, Pres. Museu Hist\u00f3rico Visconde de S\u00e3o Leopoldo, Andr\u00e9 Mendon\u00e7a da Silva, Pres. C\u00e2mara Municipal, Adilson Motta, Chefe da Casa Civil, Telmo Lauro M\u00fcller, Dir. do MHVSL, Mestre-de-cerimonias, 25\/07\/1984; Feitoria Velha; <\/p>\n","protected":false},"excerpt":{"rendered":"<p>Casa do Imigrante, Casa da Feitoria, da esq. Para dir: Ministro do Tribunal de Contas Alberto Hoffmann, Prefeito Waldir Arthur<\/p>\n","protected":false},"featured_media":30701,"comment_status":"open","ping_status":"closed","template":"","meta":{"_acf_changed":false},"product_cat":[67],"product_tag":[],"class_list":["post-30702","product","type-product","status-publish","has-post-thumbnail","hentry","product_cat-feitoria-velha"],"acf":[],"_links":{"self":[{"href":"https:\/\/www.museuhistoricosl.com.br\/loja\/wp-json\/wp\/v2\/product\/30702","targetHints":{"allow":["GET"]}}],"collection":[{"href":"https:\/\/www.museuhistoricosl.com.br\/loja\/wp-json\/wp\/v2\/product"}],"about":[{"href":"https:\/\/www.museuhistoricosl.com.br\/loja\/wp-json\/wp\/v2\/types\/product"}],"replies":[{"embeddable":true,"href":"https:\/\/www.museuhistoricosl.com.br\/loja\/wp-json\/wp\/v2\/comments?post=30702"}],"wp:featuredmedia":[{"embeddable":true,"href":"https:\/\/www.museuhistoricosl.com.br\/loja\/wp-json\/wp\/v2\/media\/30701"}],"wp:attachment":[{"href":"https:\/\/www.museuhistoricosl.com.br\/loja\/wp-json\/wp\/v2\/media?parent=30702"}],"wp:term":[{"taxonomy":"product_cat","embeddable":true,"href":"https:\/\/www.museuhistoricosl.com.br\/loja\/wp-json\/wp\/v2\/product_cat?post=30702"},{"taxonomy":"product_tag","embeddable":true,"href":"https:\/\/www.museuhistoricosl.com.br\/loja\/wp-json\/wp\/v2\/product_tag?post=30702"}],"curies":[{"name":"wp","href":"https:\/\/api.w.org\/{rel}","templated":true}]}}

<p>Casa do Imigrante, Casa da Feitoria, da esq. Para dir: Ministro do Tribunal de Contas Alberto Hoffmann, Prefeito Waldir Arthur Schmidt (discursando), Consulesa Hamburger Gorenflos, Embaixador (encoberto), Jair Soares, Governador do Esrado, Germano Oscar Moehlecke, Pres. Museu Histórico Visconde de São Leopoldo, André Mendonça da Silva, Pres. Câmara Municipal, Adilson Motta, Chefe da Casa Civil, Telmo Lauro Müller, Dir. do MHVSL, Mestre-de-cerimonias, 25/07/1984; Feitoria Velha; </p>
