{"id":30690,"date":"2022-01-07T07:52:38","date_gmt":"2022-01-07T10:52:38","guid":{"rendered":"https:\/\/www.museuhistoricosl.com.br\/loja\/produto\/sl046-fd-0144\/"},"modified":"2022-01-07T07:52:38","modified_gmt":"2022-01-07T10:52:38","slug":"sl046-fd-0144","status":"publish","type":"product","link":"https:\/\/www.museuhistoricosl.com.br\/loja\/produto\/sl046-fd-0144\/","title":{"rendered":"SL046-FD-0144"},"content":{"rendered":"<p>Casa do Imigrante, Museu Hist\u00f3rico Visconde de SL, Germano Moehlecke recebe as chaves da Casa do Imigrante das m\u00e3os do pres. Do Bamerindus Jos\u00e9 Eduardo de Andrade Vieira, 25\/04\/1984; Feitoria Velha; <\/p>\n","protected":false},"excerpt":{"rendered":"<p>Casa do Imigrante, Museu Hist\u00f3rico Visconde de SL, Germano Moehlecke recebe as chaves da Casa do Imigrante das m\u00e3os do<\/p>\n","protected":false},"featured_media":30689,"comment_status":"open","ping_status":"closed","template":"","meta":{"_acf_changed":false},"product_cat":[67],"product_tag":[],"class_list":["post-30690","product","type-product","status-publish","has-post-thumbnail","hentry","product_cat-feitoria-velha"],"acf":[],"_links":{"self":[{"href":"https:\/\/www.museuhistoricosl.com.br\/loja\/wp-json\/wp\/v2\/product\/30690","targetHints":{"allow":["GET"]}}],"collection":[{"href":"https:\/\/www.museuhistoricosl.com.br\/loja\/wp-json\/wp\/v2\/product"}],"about":[{"href":"https:\/\/www.museuhistoricosl.com.br\/loja\/wp-json\/wp\/v2\/types\/product"}],"replies":[{"embeddable":true,"href":"https:\/\/www.museuhistoricosl.com.br\/loja\/wp-json\/wp\/v2\/comments?post=30690"}],"wp:featuredmedia":[{"embeddable":true,"href":"https:\/\/www.museuhistoricosl.com.br\/loja\/wp-json\/wp\/v2\/media\/30689"}],"wp:attachment":[{"href":"https:\/\/www.museuhistoricosl.com.br\/loja\/wp-json\/wp\/v2\/media?parent=30690"}],"wp:term":[{"taxonomy":"product_cat","embeddable":true,"href":"https:\/\/www.museuhistoricosl.com.br\/loja\/wp-json\/wp\/v2\/product_cat?post=30690"},{"taxonomy":"product_tag","embeddable":true,"href":"https:\/\/www.museuhistoricosl.com.br\/loja\/wp-json\/wp\/v2\/product_tag?post=30690"}],"curies":[{"name":"wp","href":"https:\/\/api.w.org\/{rel}","templated":true}]}}

<p>Casa do Imigrante, Museu Histórico Visconde de SL, Germano Moehlecke recebe as chaves da Casa do Imigrante das mãos do pres. Do Bamerindus José Eduardo de Andrade Vieira, 25/04/1984; Feitoria Velha; </p>

<p>Casa do Imigrante, Museu Histórico Visconde de SL, Germano Moehlecke recebe as chaves da Casa do Imigrante das mãos do</p>
