{"id":30472,"date":"2022-01-07T07:51:13","date_gmt":"2022-01-07T10:51:13","guid":{"rendered":"https:\/\/www.museuhistoricosl.com.br\/loja\/produto\/sl046-fd-0035\/"},"modified":"2022-01-07T07:51:13","modified_gmt":"2022-01-07T10:51:13","slug":"sl046-fd-0035","status":"publish","type":"product","link":"https:\/\/www.museuhistoricosl.com.br\/loja\/produto\/sl046-fd-0035\/","title":{"rendered":"SL046-FD-0035"},"content":{"rendered":"<p>Inaugura\u00e7\u00e3o do Museu &#8211; Casa da Feitoria. Presente, Jair Soares, ent\u00e3o governador do Estado. &#8211; C\u00f3digo anterior de cat\u00e1logo:FD 46-35; Feitoria Velha; <\/p>\n","protected":false},"excerpt":{"rendered":"<p>Inaugura\u00e7\u00e3o do Museu &#8211; Casa da Feitoria. Presente, Jair Soares, ent\u00e3o governador do Estado. &#8211; C\u00f3digo anterior de cat\u00e1logo:FD 46-35;<\/p>\n","protected":false},"featured_media":30471,"comment_status":"open","ping_status":"closed","template":"","meta":{"_acf_changed":false},"product_cat":[67],"product_tag":[],"class_list":["post-30472","product","type-product","status-publish","has-post-thumbnail","hentry","product_cat-feitoria-velha"],"acf":[],"_links":{"self":[{"href":"https:\/\/www.museuhistoricosl.com.br\/loja\/wp-json\/wp\/v2\/product\/30472","targetHints":{"allow":["GET"]}}],"collection":[{"href":"https:\/\/www.museuhistoricosl.com.br\/loja\/wp-json\/wp\/v2\/product"}],"about":[{"href":"https:\/\/www.museuhistoricosl.com.br\/loja\/wp-json\/wp\/v2\/types\/product"}],"replies":[{"embeddable":true,"href":"https:\/\/www.museuhistoricosl.com.br\/loja\/wp-json\/wp\/v2\/comments?post=30472"}],"wp:featuredmedia":[{"embeddable":true,"href":"https:\/\/www.museuhistoricosl.com.br\/loja\/wp-json\/wp\/v2\/media\/30471"}],"wp:attachment":[{"href":"https:\/\/www.museuhistoricosl.com.br\/loja\/wp-json\/wp\/v2\/media?parent=30472"}],"wp:term":[{"taxonomy":"product_cat","embeddable":true,"href":"https:\/\/www.museuhistoricosl.com.br\/loja\/wp-json\/wp\/v2\/product_cat?post=30472"},{"taxonomy":"product_tag","embeddable":true,"href":"https:\/\/www.museuhistoricosl.com.br\/loja\/wp-json\/wp\/v2\/product_tag?post=30472"}],"curies":[{"name":"wp","href":"https:\/\/api.w.org\/{rel}","templated":true}]}}

<p>Inauguração do Museu &#8211; Casa da Feitoria. Presente, Jair Soares, então governador do Estado. &#8211; Código anterior de catálogo:FD 46-35; Feitoria Velha; </p>

<p>Inauguração do Museu &#8211; Casa da Feitoria. Presente, Jair Soares, então governador do Estado. &#8211; Código anterior de catálogo:FD 46-35;</p>
