{"id":30369,"date":"2022-01-06T09:36:01","date_gmt":"2022-01-06T12:36:01","guid":{"rendered":"https:\/\/www.museuhistoricosl.com.br\/loja\/produto\/sl038-fd-0073\/"},"modified":"2022-01-06T09:36:01","modified_gmt":"2022-01-06T12:36:01","slug":"sl038-fd-0073","status":"publish","type":"product","link":"https:\/\/www.museuhistoricosl.com.br\/loja\/produto\/sl038-fd-0073\/","title":{"rendered":"SL038-FD-0073"},"content":{"rendered":"<p>Exposi\u00e7\u00e3o &#8220;110 anos de Imigra\u00e7\u00e3o Alem\u00e3 no Rio Grande do Sul&#8221;, stand de &#8220;Veeck, M\u00fcller &#038; Cia&#8221; (artigos sanit\u00e1rios) S\u00e3o Leopoldo, maio de 1934.  &#8211; C\u00f3digo anterior de cat\u00e1logo:FD 38,73; Exposi\u00e7\u00e3o Industrial 1934; <\/p>\n","protected":false},"excerpt":{"rendered":"<p>Exposi\u00e7\u00e3o &#8220;110 anos de Imigra\u00e7\u00e3o Alem\u00e3 no Rio Grande do Sul&#8221;, stand de &#8220;Veeck, M\u00fcller &#038; Cia&#8221; (artigos sanit\u00e1rios) S\u00e3o<\/p>\n","protected":false},"featured_media":30368,"comment_status":"open","ping_status":"closed","template":"","meta":{"_acf_changed":false},"product_cat":[66],"product_tag":[],"class_list":["post-30369","product","type-product","status-publish","has-post-thumbnail","hentry","product_cat-exposicao-industrial-1934"],"acf":[],"_links":{"self":[{"href":"https:\/\/www.museuhistoricosl.com.br\/loja\/wp-json\/wp\/v2\/product\/30369","targetHints":{"allow":["GET"]}}],"collection":[{"href":"https:\/\/www.museuhistoricosl.com.br\/loja\/wp-json\/wp\/v2\/product"}],"about":[{"href":"https:\/\/www.museuhistoricosl.com.br\/loja\/wp-json\/wp\/v2\/types\/product"}],"replies":[{"embeddable":true,"href":"https:\/\/www.museuhistoricosl.com.br\/loja\/wp-json\/wp\/v2\/comments?post=30369"}],"wp:featuredmedia":[{"embeddable":true,"href":"https:\/\/www.museuhistoricosl.com.br\/loja\/wp-json\/wp\/v2\/media\/30368"}],"wp:attachment":[{"href":"https:\/\/www.museuhistoricosl.com.br\/loja\/wp-json\/wp\/v2\/media?parent=30369"}],"wp:term":[{"taxonomy":"product_cat","embeddable":true,"href":"https:\/\/www.museuhistoricosl.com.br\/loja\/wp-json\/wp\/v2\/product_cat?post=30369"},{"taxonomy":"product_tag","embeddable":true,"href":"https:\/\/www.museuhistoricosl.com.br\/loja\/wp-json\/wp\/v2\/product_tag?post=30369"}],"curies":[{"name":"wp","href":"https:\/\/api.w.org\/{rel}","templated":true}]}}

<p>Exposição &#8220;110 anos de Imigração Alemã no Rio Grande do Sul&#8221;, stand de &#8220;Veeck, Müller &#038; Cia&#8221; (artigos sanitários) São Leopoldo, maio de 1934.  &#8211; Código anterior de catálogo:FD 38,73; Exposição Industrial 1934; </p>

<p>Exposição &#8220;110 anos de Imigração Alemã no Rio Grande do Sul&#8221;, stand de &#8220;Veeck, Müller &#038; Cia&#8221; (artigos sanitários) São</p>
