{"id":30277,"date":"2022-01-06T09:35:24","date_gmt":"2022-01-06T12:35:24","guid":{"rendered":"https:\/\/www.museuhistoricosl.com.br\/loja\/produto\/sl038-fd-0027\/"},"modified":"2022-01-06T09:35:24","modified_gmt":"2022-01-06T12:35:24","slug":"sl038-fd-0027","status":"publish","type":"product","link":"https:\/\/www.museuhistoricosl.com.br\/loja\/produto\/sl038-fd-0027\/","title":{"rendered":"SL038-FD-0027"},"content":{"rendered":"<p>Exposi\u00e7\u00e3o &#8220;110 anos de Imigra\u00e7\u00e3o Alem\u00e3 no Rio Grande do Sul&#8221;. Tabela de pre\u00e7os da energia el\u00e9trica para luz &#8211; for\u00e7a- refrigera\u00e7\u00e3o. S\u00e3o Leopoldo, maio de 1934. &#8211; C\u00f3digo anterior de cat\u00e1logo:FD 38,27; Exposi\u00e7\u00e3o Industrial 1934; <\/p>\n","protected":false},"excerpt":{"rendered":"<p>Exposi\u00e7\u00e3o &#8220;110 anos de Imigra\u00e7\u00e3o Alem\u00e3 no Rio Grande do Sul&#8221;. Tabela de pre\u00e7os da energia el\u00e9trica para luz &#8211;<\/p>\n","protected":false},"featured_media":30276,"comment_status":"open","ping_status":"closed","template":"","meta":{"_acf_changed":false},"product_cat":[66],"product_tag":[],"class_list":["post-30277","product","type-product","status-publish","has-post-thumbnail","hentry","product_cat-exposicao-industrial-1934"],"acf":[],"_links":{"self":[{"href":"https:\/\/www.museuhistoricosl.com.br\/loja\/wp-json\/wp\/v2\/product\/30277","targetHints":{"allow":["GET"]}}],"collection":[{"href":"https:\/\/www.museuhistoricosl.com.br\/loja\/wp-json\/wp\/v2\/product"}],"about":[{"href":"https:\/\/www.museuhistoricosl.com.br\/loja\/wp-json\/wp\/v2\/types\/product"}],"replies":[{"embeddable":true,"href":"https:\/\/www.museuhistoricosl.com.br\/loja\/wp-json\/wp\/v2\/comments?post=30277"}],"wp:featuredmedia":[{"embeddable":true,"href":"https:\/\/www.museuhistoricosl.com.br\/loja\/wp-json\/wp\/v2\/media\/30276"}],"wp:attachment":[{"href":"https:\/\/www.museuhistoricosl.com.br\/loja\/wp-json\/wp\/v2\/media?parent=30277"}],"wp:term":[{"taxonomy":"product_cat","embeddable":true,"href":"https:\/\/www.museuhistoricosl.com.br\/loja\/wp-json\/wp\/v2\/product_cat?post=30277"},{"taxonomy":"product_tag","embeddable":true,"href":"https:\/\/www.museuhistoricosl.com.br\/loja\/wp-json\/wp\/v2\/product_tag?post=30277"}],"curies":[{"name":"wp","href":"https:\/\/api.w.org\/{rel}","templated":true}]}}

<p>Exposição &#8220;110 anos de Imigração Alemã no Rio Grande do Sul&#8221;. Tabela de preços da energia elétrica para luz &#8211; força- refrigeração. São Leopoldo, maio de 1934. &#8211; Código anterior de catálogo:FD 38,27; Exposição Industrial 1934; </p>

<p>Exposição &#8220;110 anos de Imigração Alemã no Rio Grande do Sul&#8221;. Tabela de preços da energia elétrica para luz &#8211;</p>
