{"id":30241,"date":"2022-01-06T09:35:12","date_gmt":"2022-01-06T12:35:12","guid":{"rendered":"https:\/\/www.museuhistoricosl.com.br\/loja\/produto\/sl038-fd-0009\/"},"modified":"2022-01-06T09:35:12","modified_gmt":"2022-01-06T12:35:12","slug":"sl038-fd-0009","status":"publish","type":"product","link":"https:\/\/www.museuhistoricosl.com.br\/loja\/produto\/sl038-fd-0009\/","title":{"rendered":"SL038-FD-0009"},"content":{"rendered":"<p>Pavilh\u00e3o de S\u00e3o Leopoldo na exposi\u00e7\u00e3o estadual, em 1901, em Porto Alegre. &#8211; C\u00f3digo anterior de cat\u00e1logo:FD 38,09; Exposi\u00e7\u00e3o Industrial 1934; <\/p>\n","protected":false},"excerpt":{"rendered":"<p>Pavilh\u00e3o de S\u00e3o Leopoldo na exposi\u00e7\u00e3o estadual, em 1901, em Porto Alegre. &#8211; C\u00f3digo anterior de cat\u00e1logo:FD 38,09; Exposi\u00e7\u00e3o Industrial<\/p>\n","protected":false},"featured_media":30240,"comment_status":"open","ping_status":"closed","template":"","meta":{"_acf_changed":false},"product_cat":[66],"product_tag":[],"class_list":["post-30241","product","type-product","status-publish","has-post-thumbnail","hentry","product_cat-exposicao-industrial-1934"],"acf":[],"_links":{"self":[{"href":"https:\/\/www.museuhistoricosl.com.br\/loja\/wp-json\/wp\/v2\/product\/30241","targetHints":{"allow":["GET"]}}],"collection":[{"href":"https:\/\/www.museuhistoricosl.com.br\/loja\/wp-json\/wp\/v2\/product"}],"about":[{"href":"https:\/\/www.museuhistoricosl.com.br\/loja\/wp-json\/wp\/v2\/types\/product"}],"replies":[{"embeddable":true,"href":"https:\/\/www.museuhistoricosl.com.br\/loja\/wp-json\/wp\/v2\/comments?post=30241"}],"wp:featuredmedia":[{"embeddable":true,"href":"https:\/\/www.museuhistoricosl.com.br\/loja\/wp-json\/wp\/v2\/media\/30240"}],"wp:attachment":[{"href":"https:\/\/www.museuhistoricosl.com.br\/loja\/wp-json\/wp\/v2\/media?parent=30241"}],"wp:term":[{"taxonomy":"product_cat","embeddable":true,"href":"https:\/\/www.museuhistoricosl.com.br\/loja\/wp-json\/wp\/v2\/product_cat?post=30241"},{"taxonomy":"product_tag","embeddable":true,"href":"https:\/\/www.museuhistoricosl.com.br\/loja\/wp-json\/wp\/v2\/product_tag?post=30241"}],"curies":[{"name":"wp","href":"https:\/\/api.w.org\/{rel}","templated":true}]}}

<p>Pavilhão de São Leopoldo na exposição estadual, em 1901, em Porto Alegre. &#8211; Código anterior de catálogo:FD 38,09; Exposição Industrial 1934; </p>

<p>Pavilhão de São Leopoldo na exposição estadual, em 1901, em Porto Alegre. &#8211; Código anterior de catálogo:FD 38,09; Exposição Industrial</p>
