{"id":30196,"date":"2022-01-06T09:15:30","date_gmt":"2022-01-06T12:15:30","guid":{"rendered":"https:\/\/www.museuhistoricosl.com.br\/loja\/produto\/sl076-fd-1032\/"},"modified":"2022-01-06T09:15:30","modified_gmt":"2022-01-06T12:15:30","slug":"sl076-fd-1032","status":"publish","type":"product","link":"https:\/\/www.museuhistoricosl.com.br\/loja\/produto\/sl076-fd-1032\/","title":{"rendered":"SL076-FD-1032"},"content":{"rendered":"<p>Feira da Ind\u00fastria e Com\u00e9rcio, Gin\u00e1sio, 25\/09\/1999, Estande Imobili\u00e1ria Solar; Eventos, shows, feiras, cultura; <\/p>\n","protected":false},"excerpt":{"rendered":"<p>Feira da Ind\u00fastria e Com\u00e9rcio, Gin\u00e1sio, 25\/09\/1999, Estande Imobili\u00e1ria Solar; Eventos, shows, feiras, cultura;<\/p>\n","protected":false},"featured_media":30195,"comment_status":"open","ping_status":"closed","template":"","meta":{"_acf_changed":false},"product_cat":[65,62,64,63],"product_tag":[],"class_list":["post-30196","product","type-product","status-publish","has-post-thumbnail","hentry","product_cat-cultura","product_cat-eventos","product_cat-feiras","product_cat-shows"],"acf":[],"_links":{"self":[{"href":"https:\/\/www.museuhistoricosl.com.br\/loja\/wp-json\/wp\/v2\/product\/30196","targetHints":{"allow":["GET"]}}],"collection":[{"href":"https:\/\/www.museuhistoricosl.com.br\/loja\/wp-json\/wp\/v2\/product"}],"about":[{"href":"https:\/\/www.museuhistoricosl.com.br\/loja\/wp-json\/wp\/v2\/types\/product"}],"replies":[{"embeddable":true,"href":"https:\/\/www.museuhistoricosl.com.br\/loja\/wp-json\/wp\/v2\/comments?post=30196"}],"wp:featuredmedia":[{"embeddable":true,"href":"https:\/\/www.museuhistoricosl.com.br\/loja\/wp-json\/wp\/v2\/media\/30195"}],"wp:attachment":[{"href":"https:\/\/www.museuhistoricosl.com.br\/loja\/wp-json\/wp\/v2\/media?parent=30196"}],"wp:term":[{"taxonomy":"product_cat","embeddable":true,"href":"https:\/\/www.museuhistoricosl.com.br\/loja\/wp-json\/wp\/v2\/product_cat?post=30196"},{"taxonomy":"product_tag","embeddable":true,"href":"https:\/\/www.museuhistoricosl.com.br\/loja\/wp-json\/wp\/v2\/product_tag?post=30196"}],"curies":[{"name":"wp","href":"https:\/\/api.w.org\/{rel}","templated":true}]}}

<p>Feira da Indústria e Comércio, Ginásio, 25/09/1999, Estande Imobiliária Solar; Eventos, shows, feiras, cultura; </p>

<p>Feira da Indústria e Comércio, Ginásio, 25/09/1999, Estande Imobiliária Solar; Eventos, shows, feiras, cultura;</p>
