{"id":30176,"date":"2022-01-06T09:15:23","date_gmt":"2022-01-06T12:15:23","guid":{"rendered":"https:\/\/www.museuhistoricosl.com.br\/loja\/produto\/sl076-fd-1022\/"},"modified":"2022-01-06T09:15:23","modified_gmt":"2022-01-06T12:15:23","slug":"sl076-fd-1022","status":"publish","type":"product","link":"https:\/\/www.museuhistoricosl.com.br\/loja\/produto\/sl076-fd-1022\/","title":{"rendered":"SL076-FD-1022"},"content":{"rendered":"<p>Palama Duarte e Wesley c\/ filho da Leonora na terra Nostra&#8230;. No intervalo das grava\u00e7\u00f5es da novela, Ang\u00e9lica foi muito dificil tirar essas fotos, poque no projak \u00e9 proibido tirar; Eventos, shows, feiras, cultura; <\/p>\n","protected":false},"excerpt":{"rendered":"<p>Palama Duarte e Wesley c\/ filho da Leonora na terra Nostra&#8230;. No intervalo das grava\u00e7\u00f5es da novela, Ang\u00e9lica foi muito<\/p>\n","protected":false},"featured_media":30175,"comment_status":"open","ping_status":"closed","template":"","meta":{"_acf_changed":false},"product_cat":[65,62,64,63],"product_tag":[],"class_list":["post-30176","product","type-product","status-publish","has-post-thumbnail","hentry","product_cat-cultura","product_cat-eventos","product_cat-feiras","product_cat-shows"],"acf":[],"_links":{"self":[{"href":"https:\/\/www.museuhistoricosl.com.br\/loja\/wp-json\/wp\/v2\/product\/30176","targetHints":{"allow":["GET"]}}],"collection":[{"href":"https:\/\/www.museuhistoricosl.com.br\/loja\/wp-json\/wp\/v2\/product"}],"about":[{"href":"https:\/\/www.museuhistoricosl.com.br\/loja\/wp-json\/wp\/v2\/types\/product"}],"replies":[{"embeddable":true,"href":"https:\/\/www.museuhistoricosl.com.br\/loja\/wp-json\/wp\/v2\/comments?post=30176"}],"wp:featuredmedia":[{"embeddable":true,"href":"https:\/\/www.museuhistoricosl.com.br\/loja\/wp-json\/wp\/v2\/media\/30175"}],"wp:attachment":[{"href":"https:\/\/www.museuhistoricosl.com.br\/loja\/wp-json\/wp\/v2\/media?parent=30176"}],"wp:term":[{"taxonomy":"product_cat","embeddable":true,"href":"https:\/\/www.museuhistoricosl.com.br\/loja\/wp-json\/wp\/v2\/product_cat?post=30176"},{"taxonomy":"product_tag","embeddable":true,"href":"https:\/\/www.museuhistoricosl.com.br\/loja\/wp-json\/wp\/v2\/product_tag?post=30176"}],"curies":[{"name":"wp","href":"https:\/\/api.w.org\/{rel}","templated":true}]}}

<p>Palama Duarte e Wesley c/ filho da Leonora na terra Nostra&#8230;. No intervalo das gravações da novela, Angélica foi muito dificil tirar essas fotos, poque no projak é proibido tirar; Eventos, shows, feiras, cultura; </p>

<p>Palama Duarte e Wesley c/ filho da Leonora na terra Nostra&#8230;. No intervalo das gravações da novela, Angélica foi muito</p>
