{"id":29358,"date":"2022-01-06T09:08:48","date_gmt":"2022-01-06T12:08:48","guid":{"rendered":"https:\/\/www.museuhistoricosl.com.br\/loja\/produto\/sl076-fd-0613\/"},"modified":"2022-01-06T09:08:48","modified_gmt":"2022-01-06T12:08:48","slug":"sl076-fd-0613","status":"publish","type":"product","link":"https:\/\/www.museuhistoricosl.com.br\/loja\/produto\/sl076-fd-0613\/","title":{"rendered":"SL076-FD-0613"},"content":{"rendered":"<p>Liana Brand\u00e3o, Fl\u00e1vio Scholles, Ren\u00e9 Flugrath, Herbert Wetzel, 30\/08\/1983; Eventos, shows, feiras, cultura; <\/p>\n","protected":false},"excerpt":{"rendered":"<p>Liana Brand\u00e3o, Fl\u00e1vio Scholles, Ren\u00e9 Flugrath, Herbert Wetzel, 30\/08\/1983; Eventos, shows, feiras, cultura;<\/p>\n","protected":false},"featured_media":29357,"comment_status":"open","ping_status":"closed","template":"","meta":{"_acf_changed":false},"product_cat":[65,62,64,63],"product_tag":[],"class_list":["post-29358","product","type-product","status-publish","has-post-thumbnail","hentry","product_cat-cultura","product_cat-eventos","product_cat-feiras","product_cat-shows"],"acf":[],"_links":{"self":[{"href":"https:\/\/www.museuhistoricosl.com.br\/loja\/wp-json\/wp\/v2\/product\/29358","targetHints":{"allow":["GET"]}}],"collection":[{"href":"https:\/\/www.museuhistoricosl.com.br\/loja\/wp-json\/wp\/v2\/product"}],"about":[{"href":"https:\/\/www.museuhistoricosl.com.br\/loja\/wp-json\/wp\/v2\/types\/product"}],"replies":[{"embeddable":true,"href":"https:\/\/www.museuhistoricosl.com.br\/loja\/wp-json\/wp\/v2\/comments?post=29358"}],"wp:featuredmedia":[{"embeddable":true,"href":"https:\/\/www.museuhistoricosl.com.br\/loja\/wp-json\/wp\/v2\/media\/29357"}],"wp:attachment":[{"href":"https:\/\/www.museuhistoricosl.com.br\/loja\/wp-json\/wp\/v2\/media?parent=29358"}],"wp:term":[{"taxonomy":"product_cat","embeddable":true,"href":"https:\/\/www.museuhistoricosl.com.br\/loja\/wp-json\/wp\/v2\/product_cat?post=29358"},{"taxonomy":"product_tag","embeddable":true,"href":"https:\/\/www.museuhistoricosl.com.br\/loja\/wp-json\/wp\/v2\/product_tag?post=29358"}],"curies":[{"name":"wp","href":"https:\/\/api.w.org\/{rel}","templated":true}]}}

<p>Liana Brandão, Flávio Scholles, René Flugrath, Herbert Wetzel, 30/08/1983; Eventos, shows, feiras, cultura; </p>

<p>Liana Brandão, Flávio Scholles, René Flugrath, Herbert Wetzel, 30/08/1983; Eventos, shows, feiras, cultura;</p>
