{"id":29294,"date":"2022-01-06T09:08:20","date_gmt":"2022-01-06T12:08:20","guid":{"rendered":"https:\/\/www.museuhistoricosl.com.br\/loja\/produto\/sl076-fd-0581\/"},"modified":"2022-01-06T09:08:20","modified_gmt":"2022-01-06T12:08:20","slug":"sl076-fd-0581","status":"publish","type":"product","link":"https:\/\/www.museuhistoricosl.com.br\/loja\/produto\/sl076-fd-0581\/","title":{"rendered":"SL076-FD-0581"},"content":{"rendered":"<p>Reuni\u00e3o de encerramento das atividades da Comiss\u00e3o de Humaniza\u00e7\u00e3o do Tr\u00e2nsito de SL, 12\/1993; Eventos, shows, feiras, cultura; <\/p>\n","protected":false},"excerpt":{"rendered":"<p>Reuni\u00e3o de encerramento das atividades da Comiss\u00e3o de Humaniza\u00e7\u00e3o do Tr\u00e2nsito de SL, 12\/1993; Eventos, shows, feiras, cultura;<\/p>\n","protected":false},"featured_media":29293,"comment_status":"open","ping_status":"closed","template":"","meta":{"_acf_changed":false},"product_cat":[65,62,64,63],"product_tag":[],"class_list":["post-29294","product","type-product","status-publish","has-post-thumbnail","hentry","product_cat-cultura","product_cat-eventos","product_cat-feiras","product_cat-shows"],"acf":[],"_links":{"self":[{"href":"https:\/\/www.museuhistoricosl.com.br\/loja\/wp-json\/wp\/v2\/product\/29294","targetHints":{"allow":["GET"]}}],"collection":[{"href":"https:\/\/www.museuhistoricosl.com.br\/loja\/wp-json\/wp\/v2\/product"}],"about":[{"href":"https:\/\/www.museuhistoricosl.com.br\/loja\/wp-json\/wp\/v2\/types\/product"}],"replies":[{"embeddable":true,"href":"https:\/\/www.museuhistoricosl.com.br\/loja\/wp-json\/wp\/v2\/comments?post=29294"}],"wp:featuredmedia":[{"embeddable":true,"href":"https:\/\/www.museuhistoricosl.com.br\/loja\/wp-json\/wp\/v2\/media\/29293"}],"wp:attachment":[{"href":"https:\/\/www.museuhistoricosl.com.br\/loja\/wp-json\/wp\/v2\/media?parent=29294"}],"wp:term":[{"taxonomy":"product_cat","embeddable":true,"href":"https:\/\/www.museuhistoricosl.com.br\/loja\/wp-json\/wp\/v2\/product_cat?post=29294"},{"taxonomy":"product_tag","embeddable":true,"href":"https:\/\/www.museuhistoricosl.com.br\/loja\/wp-json\/wp\/v2\/product_tag?post=29294"}],"curies":[{"name":"wp","href":"https:\/\/api.w.org\/{rel}","templated":true}]}}

<p>Reunião de encerramento das atividades da Comissão de Humanização do Trânsito de SL, 12/1993; Eventos, shows, feiras, cultura; </p>

<p>Reunião de encerramento das atividades da Comissão de Humanização do Trânsito de SL, 12/1993; Eventos, shows, feiras, cultura;</p>
