{"id":29272,"date":"2022-01-06T09:08:11","date_gmt":"2022-01-06T12:08:11","guid":{"rendered":"https:\/\/www.museuhistoricosl.com.br\/loja\/produto\/sl076-fd-0570\/"},"modified":"2022-01-06T09:08:11","modified_gmt":"2022-01-06T12:08:11","slug":"sl076-fd-0570","status":"publish","type":"product","link":"https:\/\/www.museuhistoricosl.com.br\/loja\/produto\/sl076-fd-0570\/","title":{"rendered":"SL076-FD-0570"},"content":{"rendered":"<p>Pr\u00f3-comit\u00ea Leopoldense de Combate \u00e1 Fome e Mis\u00e9ria, reuni\u00e3o de cria\u00e7\u00e3o, 08\/06\/1993, Foto Nilson; Eventos, shows, feiras, cultura; <\/p>\n","protected":false},"excerpt":{"rendered":"<p>Pr\u00f3-comit\u00ea Leopoldense de Combate \u00e1 Fome e Mis\u00e9ria, reuni\u00e3o de cria\u00e7\u00e3o, 08\/06\/1993, Foto Nilson; Eventos, shows, feiras, cultura;<\/p>\n","protected":false},"featured_media":29271,"comment_status":"open","ping_status":"closed","template":"","meta":{"_acf_changed":false},"product_cat":[65,62,64,63],"product_tag":[],"class_list":["post-29272","product","type-product","status-publish","has-post-thumbnail","hentry","product_cat-cultura","product_cat-eventos","product_cat-feiras","product_cat-shows"],"acf":[],"_links":{"self":[{"href":"https:\/\/www.museuhistoricosl.com.br\/loja\/wp-json\/wp\/v2\/product\/29272","targetHints":{"allow":["GET"]}}],"collection":[{"href":"https:\/\/www.museuhistoricosl.com.br\/loja\/wp-json\/wp\/v2\/product"}],"about":[{"href":"https:\/\/www.museuhistoricosl.com.br\/loja\/wp-json\/wp\/v2\/types\/product"}],"replies":[{"embeddable":true,"href":"https:\/\/www.museuhistoricosl.com.br\/loja\/wp-json\/wp\/v2\/comments?post=29272"}],"wp:featuredmedia":[{"embeddable":true,"href":"https:\/\/www.museuhistoricosl.com.br\/loja\/wp-json\/wp\/v2\/media\/29271"}],"wp:attachment":[{"href":"https:\/\/www.museuhistoricosl.com.br\/loja\/wp-json\/wp\/v2\/media?parent=29272"}],"wp:term":[{"taxonomy":"product_cat","embeddable":true,"href":"https:\/\/www.museuhistoricosl.com.br\/loja\/wp-json\/wp\/v2\/product_cat?post=29272"},{"taxonomy":"product_tag","embeddable":true,"href":"https:\/\/www.museuhistoricosl.com.br\/loja\/wp-json\/wp\/v2\/product_tag?post=29272"}],"curies":[{"name":"wp","href":"https:\/\/api.w.org\/{rel}","templated":true}]}}

<p>Pró-comitê Leopoldense de Combate á Fome e Miséria, reunião de criação, 08/06/1993, Foto Nilson; Eventos, shows, feiras, cultura; </p>

<p>Pró-comitê Leopoldense de Combate á Fome e Miséria, reunião de criação, 08/06/1993, Foto Nilson; Eventos, shows, feiras, cultura;</p>
