{"id":29256,"date":"2022-01-06T09:07:59","date_gmt":"2022-01-06T12:07:59","guid":{"rendered":"https:\/\/www.museuhistoricosl.com.br\/loja\/produto\/sl076-fd-0562\/"},"modified":"2022-01-06T09:07:59","modified_gmt":"2022-01-06T12:07:59","slug":"sl076-fd-0562","status":"publish","type":"product","link":"https:\/\/www.museuhistoricosl.com.br\/loja\/produto\/sl076-fd-0562\/","title":{"rendered":"SL076-FD-0562"},"content":{"rendered":"<p>Todas as sextas-feiras, Ch\u00e1cara do Darci da Silva &#8220;Rancho do Botic\u00e1rio&#8221;: Jos\u00e9 Carlos N\u00e9glia, Darci Carlos da Silva, Alcides Castagna, Arthur Dias, Dirceu Mariani, Circo Rocha, Leivas, Lauro Fl\u00f6elich, 17\/06\/1983; Eventos, shows, feiras, cultura; <\/p>\n","protected":false},"excerpt":{"rendered":"<p>Todas as sextas-feiras, Ch\u00e1cara do Darci da Silva &#8220;Rancho do Botic\u00e1rio&#8221;: Jos\u00e9 Carlos N\u00e9glia, Darci Carlos da Silva, Alcides Castagna,<\/p>\n","protected":false},"featured_media":29255,"comment_status":"open","ping_status":"closed","template":"","meta":{"_acf_changed":false},"product_cat":[65,62,64,63],"product_tag":[],"class_list":["post-29256","product","type-product","status-publish","has-post-thumbnail","hentry","product_cat-cultura","product_cat-eventos","product_cat-feiras","product_cat-shows"],"acf":[],"_links":{"self":[{"href":"https:\/\/www.museuhistoricosl.com.br\/loja\/wp-json\/wp\/v2\/product\/29256","targetHints":{"allow":["GET"]}}],"collection":[{"href":"https:\/\/www.museuhistoricosl.com.br\/loja\/wp-json\/wp\/v2\/product"}],"about":[{"href":"https:\/\/www.museuhistoricosl.com.br\/loja\/wp-json\/wp\/v2\/types\/product"}],"replies":[{"embeddable":true,"href":"https:\/\/www.museuhistoricosl.com.br\/loja\/wp-json\/wp\/v2\/comments?post=29256"}],"wp:featuredmedia":[{"embeddable":true,"href":"https:\/\/www.museuhistoricosl.com.br\/loja\/wp-json\/wp\/v2\/media\/29255"}],"wp:attachment":[{"href":"https:\/\/www.museuhistoricosl.com.br\/loja\/wp-json\/wp\/v2\/media?parent=29256"}],"wp:term":[{"taxonomy":"product_cat","embeddable":true,"href":"https:\/\/www.museuhistoricosl.com.br\/loja\/wp-json\/wp\/v2\/product_cat?post=29256"},{"taxonomy":"product_tag","embeddable":true,"href":"https:\/\/www.museuhistoricosl.com.br\/loja\/wp-json\/wp\/v2\/product_tag?post=29256"}],"curies":[{"name":"wp","href":"https:\/\/api.w.org\/{rel}","templated":true}]}}

<p>Todas as sextas-feiras, Chácara do Darci da Silva &#8220;Rancho do Boticário&#8221;: José Carlos Néglia, Darci Carlos da Silva, Alcides Castagna, Arthur Dias, Dirceu Mariani, Circo Rocha, Leivas, Lauro Flöelich, 17/06/1983; Eventos, shows, feiras, cultura; </p>

<p>Todas as sextas-feiras, Chácara do Darci da Silva &#8220;Rancho do Boticário&#8221;: José Carlos Néglia, Darci Carlos da Silva, Alcides Castagna,</p>
