{"id":29232,"date":"2022-01-06T09:07:50","date_gmt":"2022-01-06T12:07:50","guid":{"rendered":"https:\/\/www.museuhistoricosl.com.br\/loja\/produto\/sl076-fd-0550\/"},"modified":"2022-01-06T09:07:50","modified_gmt":"2022-01-06T12:07:50","slug":"sl076-fd-0550","status":"publish","type":"product","link":"https:\/\/www.museuhistoricosl.com.br\/loja\/produto\/sl076-fd-0550\/","title":{"rendered":"SL076-FD-0550"},"content":{"rendered":"<p>I F\u00f3rum sobre Justi\u00e7a Brasileira, situa\u00e7\u00e3o realizado pelo Curso de Direito da Unisinos em 09\/1993, Foto J\u00falio; Eventos, shows, feiras, cultura; <\/p>\n","protected":false},"excerpt":{"rendered":"<p>I F\u00f3rum sobre Justi\u00e7a Brasileira, situa\u00e7\u00e3o realizado pelo Curso de Direito da Unisinos em 09\/1993, Foto J\u00falio; Eventos, shows, feiras,<\/p>\n","protected":false},"featured_media":29231,"comment_status":"open","ping_status":"closed","template":"","meta":{"_acf_changed":false},"product_cat":[65,62,64,63],"product_tag":[],"class_list":["post-29232","product","type-product","status-publish","has-post-thumbnail","hentry","product_cat-cultura","product_cat-eventos","product_cat-feiras","product_cat-shows"],"acf":[],"_links":{"self":[{"href":"https:\/\/www.museuhistoricosl.com.br\/loja\/wp-json\/wp\/v2\/product\/29232","targetHints":{"allow":["GET"]}}],"collection":[{"href":"https:\/\/www.museuhistoricosl.com.br\/loja\/wp-json\/wp\/v2\/product"}],"about":[{"href":"https:\/\/www.museuhistoricosl.com.br\/loja\/wp-json\/wp\/v2\/types\/product"}],"replies":[{"embeddable":true,"href":"https:\/\/www.museuhistoricosl.com.br\/loja\/wp-json\/wp\/v2\/comments?post=29232"}],"wp:featuredmedia":[{"embeddable":true,"href":"https:\/\/www.museuhistoricosl.com.br\/loja\/wp-json\/wp\/v2\/media\/29231"}],"wp:attachment":[{"href":"https:\/\/www.museuhistoricosl.com.br\/loja\/wp-json\/wp\/v2\/media?parent=29232"}],"wp:term":[{"taxonomy":"product_cat","embeddable":true,"href":"https:\/\/www.museuhistoricosl.com.br\/loja\/wp-json\/wp\/v2\/product_cat?post=29232"},{"taxonomy":"product_tag","embeddable":true,"href":"https:\/\/www.museuhistoricosl.com.br\/loja\/wp-json\/wp\/v2\/product_tag?post=29232"}],"curies":[{"name":"wp","href":"https:\/\/api.w.org\/{rel}","templated":true}]}}

<p>I Fórum sobre Justiça Brasileira, situação realizado pelo Curso de Direito da Unisinos em 09/1993, Foto Júlio; Eventos, shows, feiras, cultura; </p>

<p>I Fórum sobre Justiça Brasileira, situação realizado pelo Curso de Direito da Unisinos em 09/1993, Foto Júlio; Eventos, shows, feiras,</p>
