{"id":29188,"date":"2022-01-06T09:07:33","date_gmt":"2022-01-06T12:07:33","guid":{"rendered":"https:\/\/www.museuhistoricosl.com.br\/loja\/produto\/sl076-fd-0528\/"},"modified":"2022-01-06T09:07:33","modified_gmt":"2022-01-06T12:07:33","slug":"sl076-fd-0528","status":"publish","type":"product","link":"https:\/\/www.museuhistoricosl.com.br\/loja\/produto\/sl076-fd-0528\/","title":{"rendered":"SL076-FD-0528"},"content":{"rendered":"<p>AICSUL faz reuni\u00e3o de Balan\u00e7o de 1993, Esq. Para direita: Gualdino Pederiva, M\u00e1rio Marchini, Foto Ricardo; Eventos, shows, feiras, cultura; <\/p>\n","protected":false},"excerpt":{"rendered":"<p>AICSUL faz reuni\u00e3o de Balan\u00e7o de 1993, Esq. Para direita: Gualdino Pederiva, M\u00e1rio Marchini, Foto Ricardo; Eventos, shows, feiras, cultura;<\/p>\n","protected":false},"featured_media":29187,"comment_status":"open","ping_status":"closed","template":"","meta":{"_acf_changed":false},"product_cat":[65,62,64,63],"product_tag":[],"class_list":["post-29188","product","type-product","status-publish","has-post-thumbnail","hentry","product_cat-cultura","product_cat-eventos","product_cat-feiras","product_cat-shows"],"acf":[],"_links":{"self":[{"href":"https:\/\/www.museuhistoricosl.com.br\/loja\/wp-json\/wp\/v2\/product\/29188","targetHints":{"allow":["GET"]}}],"collection":[{"href":"https:\/\/www.museuhistoricosl.com.br\/loja\/wp-json\/wp\/v2\/product"}],"about":[{"href":"https:\/\/www.museuhistoricosl.com.br\/loja\/wp-json\/wp\/v2\/types\/product"}],"replies":[{"embeddable":true,"href":"https:\/\/www.museuhistoricosl.com.br\/loja\/wp-json\/wp\/v2\/comments?post=29188"}],"wp:featuredmedia":[{"embeddable":true,"href":"https:\/\/www.museuhistoricosl.com.br\/loja\/wp-json\/wp\/v2\/media\/29187"}],"wp:attachment":[{"href":"https:\/\/www.museuhistoricosl.com.br\/loja\/wp-json\/wp\/v2\/media?parent=29188"}],"wp:term":[{"taxonomy":"product_cat","embeddable":true,"href":"https:\/\/www.museuhistoricosl.com.br\/loja\/wp-json\/wp\/v2\/product_cat?post=29188"},{"taxonomy":"product_tag","embeddable":true,"href":"https:\/\/www.museuhistoricosl.com.br\/loja\/wp-json\/wp\/v2\/product_tag?post=29188"}],"curies":[{"name":"wp","href":"https:\/\/api.w.org\/{rel}","templated":true}]}}

<p>AICSUL faz reunião de Balanço de 1993, Esq. Para direita: Gualdino Pederiva, Mário Marchini, Foto Ricardo; Eventos, shows, feiras, cultura; </p>

<p>AICSUL faz reunião de Balanço de 1993, Esq. Para direita: Gualdino Pederiva, Mário Marchini, Foto Ricardo; Eventos, shows, feiras, cultura;</p>
