{"id":29184,"date":"2022-01-06T09:07:32","date_gmt":"2022-01-06T12:07:32","guid":{"rendered":"https:\/\/www.museuhistoricosl.com.br\/loja\/produto\/sl076-fd-0526\/"},"modified":"2022-01-06T09:07:32","modified_gmt":"2022-01-06T12:07:32","slug":"sl076-fd-0526","status":"publish","type":"product","link":"https:\/\/www.museuhistoricosl.com.br\/loja\/produto\/sl076-fd-0526\/","title":{"rendered":"SL076-FD-0526"},"content":{"rendered":"<p>Lea Terezia e Tatata Pimentel na noite de Inaugura\u00e7\u00e3o da nova decora\u00e7\u00e3o do Bar do &#8220;\u00c1gua na Boca&#8221;; Eventos, shows, feiras, cultura; <\/p>\n","protected":false},"excerpt":{"rendered":"<p>Lea Terezia e Tatata Pimentel na noite de Inaugura\u00e7\u00e3o da nova decora\u00e7\u00e3o do Bar do &#8220;\u00c1gua na Boca&#8221;; Eventos, shows,<\/p>\n","protected":false},"featured_media":29183,"comment_status":"open","ping_status":"closed","template":"","meta":{"_acf_changed":false},"product_cat":[65,62,64,63],"product_tag":[],"class_list":["post-29184","product","type-product","status-publish","has-post-thumbnail","hentry","product_cat-cultura","product_cat-eventos","product_cat-feiras","product_cat-shows"],"acf":[],"_links":{"self":[{"href":"https:\/\/www.museuhistoricosl.com.br\/loja\/wp-json\/wp\/v2\/product\/29184","targetHints":{"allow":["GET"]}}],"collection":[{"href":"https:\/\/www.museuhistoricosl.com.br\/loja\/wp-json\/wp\/v2\/product"}],"about":[{"href":"https:\/\/www.museuhistoricosl.com.br\/loja\/wp-json\/wp\/v2\/types\/product"}],"replies":[{"embeddable":true,"href":"https:\/\/www.museuhistoricosl.com.br\/loja\/wp-json\/wp\/v2\/comments?post=29184"}],"wp:featuredmedia":[{"embeddable":true,"href":"https:\/\/www.museuhistoricosl.com.br\/loja\/wp-json\/wp\/v2\/media\/29183"}],"wp:attachment":[{"href":"https:\/\/www.museuhistoricosl.com.br\/loja\/wp-json\/wp\/v2\/media?parent=29184"}],"wp:term":[{"taxonomy":"product_cat","embeddable":true,"href":"https:\/\/www.museuhistoricosl.com.br\/loja\/wp-json\/wp\/v2\/product_cat?post=29184"},{"taxonomy":"product_tag","embeddable":true,"href":"https:\/\/www.museuhistoricosl.com.br\/loja\/wp-json\/wp\/v2\/product_tag?post=29184"}],"curies":[{"name":"wp","href":"https:\/\/api.w.org\/{rel}","templated":true}]}}

<p>Lea Terezia e Tatata Pimentel na noite de Inauguração da nova decoração do Bar do &#8220;Água na Boca&#8221;; Eventos, shows, feiras, cultura; </p>

<p>Lea Terezia e Tatata Pimentel na noite de Inauguração da nova decoração do Bar do &#8220;Água na Boca&#8221;; Eventos, shows,</p>
