{"id":28900,"date":"2022-01-06T09:05:36","date_gmt":"2022-01-06T12:05:36","guid":{"rendered":"https:\/\/www.museuhistoricosl.com.br\/loja\/produto\/sl076-fd-0384\/"},"modified":"2022-01-06T09:05:36","modified_gmt":"2022-01-06T12:05:36","slug":"sl076-fd-0384","status":"publish","type":"product","link":"https:\/\/www.museuhistoricosl.com.br\/loja\/produto\/sl076-fd-0384\/","title":{"rendered":"SL076-FD-0384"},"content":{"rendered":"<p>Coral Unisinos, Concerto alusivo ao 30\u00ba anivers\u00e1rio Coral reg\u00eancia: Jo\u00e3o Paulo Sefrin, 22\/06\/1996; Eventos, shows, feiras, cultura; <\/p>\n","protected":false},"excerpt":{"rendered":"<p>Coral Unisinos, Concerto alusivo ao 30\u00ba anivers\u00e1rio Coral reg\u00eancia: Jo\u00e3o Paulo Sefrin, 22\/06\/1996; Eventos, shows, feiras, cultura;<\/p>\n","protected":false},"featured_media":28899,"comment_status":"open","ping_status":"closed","template":"","meta":{"_acf_changed":false},"product_cat":[65,62,64,63],"product_tag":[],"class_list":["post-28900","product","type-product","status-publish","has-post-thumbnail","hentry","product_cat-cultura","product_cat-eventos","product_cat-feiras","product_cat-shows"],"acf":[],"_links":{"self":[{"href":"https:\/\/www.museuhistoricosl.com.br\/loja\/wp-json\/wp\/v2\/product\/28900","targetHints":{"allow":["GET"]}}],"collection":[{"href":"https:\/\/www.museuhistoricosl.com.br\/loja\/wp-json\/wp\/v2\/product"}],"about":[{"href":"https:\/\/www.museuhistoricosl.com.br\/loja\/wp-json\/wp\/v2\/types\/product"}],"replies":[{"embeddable":true,"href":"https:\/\/www.museuhistoricosl.com.br\/loja\/wp-json\/wp\/v2\/comments?post=28900"}],"wp:featuredmedia":[{"embeddable":true,"href":"https:\/\/www.museuhistoricosl.com.br\/loja\/wp-json\/wp\/v2\/media\/28899"}],"wp:attachment":[{"href":"https:\/\/www.museuhistoricosl.com.br\/loja\/wp-json\/wp\/v2\/media?parent=28900"}],"wp:term":[{"taxonomy":"product_cat","embeddable":true,"href":"https:\/\/www.museuhistoricosl.com.br\/loja\/wp-json\/wp\/v2\/product_cat?post=28900"},{"taxonomy":"product_tag","embeddable":true,"href":"https:\/\/www.museuhistoricosl.com.br\/loja\/wp-json\/wp\/v2\/product_tag?post=28900"}],"curies":[{"name":"wp","href":"https:\/\/api.w.org\/{rel}","templated":true}]}}

<p>Coral Unisinos, Concerto alusivo ao 30º aniversário Coral regência: João Paulo Sefrin, 22/06/1996; Eventos, shows, feiras, cultura; </p>

<p>Coral Unisinos, Concerto alusivo ao 30º aniversário Coral regência: João Paulo Sefrin, 22/06/1996; Eventos, shows, feiras, cultura;</p>
