{"id":28808,"date":"2022-01-06T09:04:59","date_gmt":"2022-01-06T12:04:59","guid":{"rendered":"https:\/\/www.museuhistoricosl.com.br\/loja\/produto\/sl076-fd-0338\/"},"modified":"2022-01-06T09:04:59","modified_gmt":"2022-01-06T12:04:59","slug":"sl076-fd-0338","status":"publish","type":"product","link":"https:\/\/www.museuhistoricosl.com.br\/loja\/produto\/sl076-fd-0338\/","title":{"rendered":"SL076-FD-0338"},"content":{"rendered":"<p>Lan\u00e7amento do Livro de  Poemas Alquimia da Palavra, Jaqueline Lucena, Sergio Cortes, N\u00edsia Martins do Ros\u00e1rio, Marilena von Hohendorff, H\u00e9lio, Maria Luiza Santos Soares, Shopping, Foto J.Ferreira, 22\/10\/1992; Eventos, shows, feiras, cultura; <\/p>\n","protected":false},"excerpt":{"rendered":"<p>Lan\u00e7amento do Livro de Poemas Alquimia da Palavra, Jaqueline Lucena, Sergio Cortes, N\u00edsia Martins do Ros\u00e1rio, Marilena von Hohendorff, H\u00e9lio,<\/p>\n","protected":false},"featured_media":28807,"comment_status":"open","ping_status":"closed","template":"","meta":{"_acf_changed":false},"product_cat":[65,62,64,63],"product_tag":[],"class_list":["post-28808","product","type-product","status-publish","has-post-thumbnail","hentry","product_cat-cultura","product_cat-eventos","product_cat-feiras","product_cat-shows"],"acf":[],"_links":{"self":[{"href":"https:\/\/www.museuhistoricosl.com.br\/loja\/wp-json\/wp\/v2\/product\/28808","targetHints":{"allow":["GET"]}}],"collection":[{"href":"https:\/\/www.museuhistoricosl.com.br\/loja\/wp-json\/wp\/v2\/product"}],"about":[{"href":"https:\/\/www.museuhistoricosl.com.br\/loja\/wp-json\/wp\/v2\/types\/product"}],"replies":[{"embeddable":true,"href":"https:\/\/www.museuhistoricosl.com.br\/loja\/wp-json\/wp\/v2\/comments?post=28808"}],"wp:featuredmedia":[{"embeddable":true,"href":"https:\/\/www.museuhistoricosl.com.br\/loja\/wp-json\/wp\/v2\/media\/28807"}],"wp:attachment":[{"href":"https:\/\/www.museuhistoricosl.com.br\/loja\/wp-json\/wp\/v2\/media?parent=28808"}],"wp:term":[{"taxonomy":"product_cat","embeddable":true,"href":"https:\/\/www.museuhistoricosl.com.br\/loja\/wp-json\/wp\/v2\/product_cat?post=28808"},{"taxonomy":"product_tag","embeddable":true,"href":"https:\/\/www.museuhistoricosl.com.br\/loja\/wp-json\/wp\/v2\/product_tag?post=28808"}],"curies":[{"name":"wp","href":"https:\/\/api.w.org\/{rel}","templated":true}]}}

<p>Lançamento do Livro de  Poemas Alquimia da Palavra, Jaqueline Lucena, Sergio Cortes, Nísia Martins do Rosário, Marilena von Hohendorff, Hélio, Maria Luiza Santos Soares, Shopping, Foto J.Ferreira, 22/10/1992; Eventos, shows, feiras, cultura; </p>

<p>Lançamento do Livro de Poemas Alquimia da Palavra, Jaqueline Lucena, Sergio Cortes, Nísia Martins do Rosário, Marilena von Hohendorff, Hélio,</p>
