{"id":28806,"date":"2022-01-06T09:04:59","date_gmt":"2022-01-06T12:04:59","guid":{"rendered":"https:\/\/www.museuhistoricosl.com.br\/loja\/produto\/sl076-fd-0337\/"},"modified":"2022-01-06T09:04:59","modified_gmt":"2022-01-06T12:04:59","slug":"sl076-fd-0337","status":"publish","type":"product","link":"https:\/\/www.museuhistoricosl.com.br\/loja\/produto\/sl076-fd-0337\/","title":{"rendered":"SL076-FD-0337"},"content":{"rendered":"<p>Gabriela Coral, S\u00e9rgio Cortes, Aurea Pinto de Miranda, Leonice Gon\u00e7alves da Fonseca, manual Bauer Estavalet, Lan\u00e7amento do Livro de poemas Alquimia da Palavra, Shopping, Foto J.Ferreira, 22\/10\/1992; Eventos, shows, feiras, cultura; <\/p>\n","protected":false},"excerpt":{"rendered":"<p>Gabriela Coral, S\u00e9rgio Cortes, Aurea Pinto de Miranda, Leonice Gon\u00e7alves da Fonseca, manual Bauer Estavalet, Lan\u00e7amento do Livro de poemas<\/p>\n","protected":false},"featured_media":28805,"comment_status":"open","ping_status":"closed","template":"","meta":{"_acf_changed":false},"product_cat":[65,62,64,63],"product_tag":[],"class_list":["post-28806","product","type-product","status-publish","has-post-thumbnail","hentry","product_cat-cultura","product_cat-eventos","product_cat-feiras","product_cat-shows"],"acf":[],"_links":{"self":[{"href":"https:\/\/www.museuhistoricosl.com.br\/loja\/wp-json\/wp\/v2\/product\/28806","targetHints":{"allow":["GET"]}}],"collection":[{"href":"https:\/\/www.museuhistoricosl.com.br\/loja\/wp-json\/wp\/v2\/product"}],"about":[{"href":"https:\/\/www.museuhistoricosl.com.br\/loja\/wp-json\/wp\/v2\/types\/product"}],"replies":[{"embeddable":true,"href":"https:\/\/www.museuhistoricosl.com.br\/loja\/wp-json\/wp\/v2\/comments?post=28806"}],"wp:featuredmedia":[{"embeddable":true,"href":"https:\/\/www.museuhistoricosl.com.br\/loja\/wp-json\/wp\/v2\/media\/28805"}],"wp:attachment":[{"href":"https:\/\/www.museuhistoricosl.com.br\/loja\/wp-json\/wp\/v2\/media?parent=28806"}],"wp:term":[{"taxonomy":"product_cat","embeddable":true,"href":"https:\/\/www.museuhistoricosl.com.br\/loja\/wp-json\/wp\/v2\/product_cat?post=28806"},{"taxonomy":"product_tag","embeddable":true,"href":"https:\/\/www.museuhistoricosl.com.br\/loja\/wp-json\/wp\/v2\/product_tag?post=28806"}],"curies":[{"name":"wp","href":"https:\/\/api.w.org\/{rel}","templated":true}]}}

<p>Gabriela Coral, Sérgio Cortes, Aurea Pinto de Miranda, Leonice Gonçalves da Fonseca, manual Bauer Estavalet, Lançamento do Livro de poemas Alquimia da Palavra, Shopping, Foto J.Ferreira, 22/10/1992; Eventos, shows, feiras, cultura; </p>

<p>Gabriela Coral, Sérgio Cortes, Aurea Pinto de Miranda, Leonice Gonçalves da Fonseca, manual Bauer Estavalet, Lançamento do Livro de poemas</p>
