{"id":28702,"date":"2022-01-06T09:04:19","date_gmt":"2022-01-06T12:04:19","guid":{"rendered":"https:\/\/www.museuhistoricosl.com.br\/loja\/produto\/sl076-fd-0285\/"},"modified":"2022-01-06T09:04:19","modified_gmt":"2022-01-06T12:04:19","slug":"sl076-fd-0285","status":"publish","type":"product","link":"https:\/\/www.museuhistoricosl.com.br\/loja\/produto\/sl076-fd-0285\/","title":{"rendered":"SL076-FD-0285"},"content":{"rendered":"<p>Cultura, &#8220;O Espelho&#8221;, Pe\u00e7a do Grupo Cabra Cega, Apresenta\u00e7\u00e3o na 2\u00aa Mostra Livre de Arte; Eventos, shows, feiras, cultura; <\/p>\n","protected":false},"excerpt":{"rendered":"<p>Cultura, &#8220;O Espelho&#8221;, Pe\u00e7a do Grupo Cabra Cega, Apresenta\u00e7\u00e3o na 2\u00aa Mostra Livre de Arte; Eventos, shows, feiras, cultura;<\/p>\n","protected":false},"featured_media":28701,"comment_status":"open","ping_status":"closed","template":"","meta":{"_acf_changed":false},"product_cat":[65,62,64,63],"product_tag":[],"class_list":["post-28702","product","type-product","status-publish","has-post-thumbnail","hentry","product_cat-cultura","product_cat-eventos","product_cat-feiras","product_cat-shows"],"acf":[],"_links":{"self":[{"href":"https:\/\/www.museuhistoricosl.com.br\/loja\/wp-json\/wp\/v2\/product\/28702","targetHints":{"allow":["GET"]}}],"collection":[{"href":"https:\/\/www.museuhistoricosl.com.br\/loja\/wp-json\/wp\/v2\/product"}],"about":[{"href":"https:\/\/www.museuhistoricosl.com.br\/loja\/wp-json\/wp\/v2\/types\/product"}],"replies":[{"embeddable":true,"href":"https:\/\/www.museuhistoricosl.com.br\/loja\/wp-json\/wp\/v2\/comments?post=28702"}],"wp:featuredmedia":[{"embeddable":true,"href":"https:\/\/www.museuhistoricosl.com.br\/loja\/wp-json\/wp\/v2\/media\/28701"}],"wp:attachment":[{"href":"https:\/\/www.museuhistoricosl.com.br\/loja\/wp-json\/wp\/v2\/media?parent=28702"}],"wp:term":[{"taxonomy":"product_cat","embeddable":true,"href":"https:\/\/www.museuhistoricosl.com.br\/loja\/wp-json\/wp\/v2\/product_cat?post=28702"},{"taxonomy":"product_tag","embeddable":true,"href":"https:\/\/www.museuhistoricosl.com.br\/loja\/wp-json\/wp\/v2\/product_tag?post=28702"}],"curies":[{"name":"wp","href":"https:\/\/api.w.org\/{rel}","templated":true}]}}

<p>Cultura, &#8220;O Espelho&#8221;, Peça do Grupo Cabra Cega, Apresentação na 2ª Mostra Livre de Arte; Eventos, shows, feiras, cultura; </p>

<p>Cultura, &#8220;O Espelho&#8221;, Peça do Grupo Cabra Cega, Apresentação na 2ª Mostra Livre de Arte; Eventos, shows, feiras, cultura;</p>
