{"id":28684,"date":"2022-01-06T09:04:13","date_gmt":"2022-01-06T12:04:13","guid":{"rendered":"https:\/\/www.museuhistoricosl.com.br\/loja\/produto\/sl076-fd-0276\/"},"modified":"2022-01-06T09:04:13","modified_gmt":"2022-01-06T12:04:13","slug":"sl076-fd-0276","status":"publish","type":"product","link":"https:\/\/www.museuhistoricosl.com.br\/loja\/produto\/sl076-fd-0276\/","title":{"rendered":"SL076-FD-0276"},"content":{"rendered":"<p>Artes, Os TAPES, apresenta\u00e7\u00e3o na Biblioteca de S\u00e3o Leopoldo, presen\u00e7a do menino V\u00edtor, filho de Zez\u00e9 (ao centro, na flauta), 06\/12\/1982; Eventos, shows, feiras, cultura; <\/p>\n","protected":false},"excerpt":{"rendered":"<p>Artes, Os TAPES, apresenta\u00e7\u00e3o na Biblioteca de S\u00e3o Leopoldo, presen\u00e7a do menino V\u00edtor, filho de Zez\u00e9 (ao centro, na flauta),<\/p>\n","protected":false},"featured_media":28683,"comment_status":"open","ping_status":"closed","template":"","meta":{"_acf_changed":false},"product_cat":[65,62,64,63],"product_tag":[],"class_list":["post-28684","product","type-product","status-publish","has-post-thumbnail","hentry","product_cat-cultura","product_cat-eventos","product_cat-feiras","product_cat-shows"],"acf":[],"_links":{"self":[{"href":"https:\/\/www.museuhistoricosl.com.br\/loja\/wp-json\/wp\/v2\/product\/28684","targetHints":{"allow":["GET"]}}],"collection":[{"href":"https:\/\/www.museuhistoricosl.com.br\/loja\/wp-json\/wp\/v2\/product"}],"about":[{"href":"https:\/\/www.museuhistoricosl.com.br\/loja\/wp-json\/wp\/v2\/types\/product"}],"replies":[{"embeddable":true,"href":"https:\/\/www.museuhistoricosl.com.br\/loja\/wp-json\/wp\/v2\/comments?post=28684"}],"wp:featuredmedia":[{"embeddable":true,"href":"https:\/\/www.museuhistoricosl.com.br\/loja\/wp-json\/wp\/v2\/media\/28683"}],"wp:attachment":[{"href":"https:\/\/www.museuhistoricosl.com.br\/loja\/wp-json\/wp\/v2\/media?parent=28684"}],"wp:term":[{"taxonomy":"product_cat","embeddable":true,"href":"https:\/\/www.museuhistoricosl.com.br\/loja\/wp-json\/wp\/v2\/product_cat?post=28684"},{"taxonomy":"product_tag","embeddable":true,"href":"https:\/\/www.museuhistoricosl.com.br\/loja\/wp-json\/wp\/v2\/product_tag?post=28684"}],"curies":[{"name":"wp","href":"https:\/\/api.w.org\/{rel}","templated":true}]}}

<p>Artes, Os TAPES, apresentação na Biblioteca de São Leopoldo, presença do menino Vítor, filho de Zezé (ao centro, na flauta), 06/12/1982; Eventos, shows, feiras, cultura; </p>

<p>Artes, Os TAPES, apresentação na Biblioteca de São Leopoldo, presença do menino Vítor, filho de Zezé (ao centro, na flauta),</p>
