{"id":28664,"date":"2022-01-06T09:04:07","date_gmt":"2022-01-06T12:04:07","guid":{"rendered":"https:\/\/www.museuhistoricosl.com.br\/loja\/produto\/sl076-fd-0266\/"},"modified":"2022-01-06T09:04:07","modified_gmt":"2022-01-06T12:04:07","slug":"sl076-fd-0266","status":"publish","type":"product","link":"https:\/\/www.museuhistoricosl.com.br\/loja\/produto\/sl076-fd-0266\/","title":{"rendered":"SL076-FD-0266"},"content":{"rendered":"<p>Artes, Biblioteca P\u00fablica, Apresenta\u00e7\u00e3o da pe\u00e7a: &#8220;A viagem de um barquinho&#8221; pelos alunos da Esc. Est. Olindo Flores da Silva, 24\/11\/1983; Eventos, shows, feiras, cultura; <\/p>\n","protected":false},"excerpt":{"rendered":"<p>Artes, Biblioteca P\u00fablica, Apresenta\u00e7\u00e3o da pe\u00e7a: &#8220;A viagem de um barquinho&#8221; pelos alunos da Esc. Est. Olindo Flores da Silva,<\/p>\n","protected":false},"featured_media":28663,"comment_status":"open","ping_status":"closed","template":"","meta":{"_acf_changed":false},"product_cat":[65,62,64,63],"product_tag":[],"class_list":["post-28664","product","type-product","status-publish","has-post-thumbnail","hentry","product_cat-cultura","product_cat-eventos","product_cat-feiras","product_cat-shows"],"acf":[],"_links":{"self":[{"href":"https:\/\/www.museuhistoricosl.com.br\/loja\/wp-json\/wp\/v2\/product\/28664","targetHints":{"allow":["GET"]}}],"collection":[{"href":"https:\/\/www.museuhistoricosl.com.br\/loja\/wp-json\/wp\/v2\/product"}],"about":[{"href":"https:\/\/www.museuhistoricosl.com.br\/loja\/wp-json\/wp\/v2\/types\/product"}],"replies":[{"embeddable":true,"href":"https:\/\/www.museuhistoricosl.com.br\/loja\/wp-json\/wp\/v2\/comments?post=28664"}],"wp:featuredmedia":[{"embeddable":true,"href":"https:\/\/www.museuhistoricosl.com.br\/loja\/wp-json\/wp\/v2\/media\/28663"}],"wp:attachment":[{"href":"https:\/\/www.museuhistoricosl.com.br\/loja\/wp-json\/wp\/v2\/media?parent=28664"}],"wp:term":[{"taxonomy":"product_cat","embeddable":true,"href":"https:\/\/www.museuhistoricosl.com.br\/loja\/wp-json\/wp\/v2\/product_cat?post=28664"},{"taxonomy":"product_tag","embeddable":true,"href":"https:\/\/www.museuhistoricosl.com.br\/loja\/wp-json\/wp\/v2\/product_tag?post=28664"}],"curies":[{"name":"wp","href":"https:\/\/api.w.org\/{rel}","templated":true}]}}

<p>Artes, Biblioteca Pública, Apresentação da peça: &#8220;A viagem de um barquinho&#8221; pelos alunos da Esc. Est. Olindo Flores da Silva, 24/11/1983; Eventos, shows, feiras, cultura; </p>

<p>Artes, Biblioteca Pública, Apresentação da peça: &#8220;A viagem de um barquinho&#8221; pelos alunos da Esc. Est. Olindo Flores da Silva,</p>
