{"id":28644,"date":"2022-01-06T09:03:57","date_gmt":"2022-01-06T12:03:57","guid":{"rendered":"https:\/\/www.museuhistoricosl.com.br\/loja\/produto\/sl076-fd-0256\/"},"modified":"2022-01-06T09:03:57","modified_gmt":"2022-01-06T12:03:57","slug":"sl076-fd-0256","status":"publish","type":"product","link":"https:\/\/www.museuhistoricosl.com.br\/loja\/produto\/sl076-fd-0256\/","title":{"rendered":"SL076-FD-0256"},"content":{"rendered":"<p>Artes, Pe\u00e7a Teatral Am\u00e9rica Desperta, de Juan Sosa, Biblioteca P\u00fablica Municipal SL, 14\/07\/1985; Eventos, shows, feiras, cultura; <\/p>\n","protected":false},"excerpt":{"rendered":"<p>Artes, Pe\u00e7a Teatral Am\u00e9rica Desperta, de Juan Sosa, Biblioteca P\u00fablica Municipal SL, 14\/07\/1985; Eventos, shows, feiras, cultura;<\/p>\n","protected":false},"featured_media":28643,"comment_status":"open","ping_status":"closed","template":"","meta":{"_acf_changed":false},"product_cat":[65,62,64,63],"product_tag":[],"class_list":["post-28644","product","type-product","status-publish","has-post-thumbnail","hentry","product_cat-cultura","product_cat-eventos","product_cat-feiras","product_cat-shows"],"acf":[],"_links":{"self":[{"href":"https:\/\/www.museuhistoricosl.com.br\/loja\/wp-json\/wp\/v2\/product\/28644","targetHints":{"allow":["GET"]}}],"collection":[{"href":"https:\/\/www.museuhistoricosl.com.br\/loja\/wp-json\/wp\/v2\/product"}],"about":[{"href":"https:\/\/www.museuhistoricosl.com.br\/loja\/wp-json\/wp\/v2\/types\/product"}],"replies":[{"embeddable":true,"href":"https:\/\/www.museuhistoricosl.com.br\/loja\/wp-json\/wp\/v2\/comments?post=28644"}],"wp:featuredmedia":[{"embeddable":true,"href":"https:\/\/www.museuhistoricosl.com.br\/loja\/wp-json\/wp\/v2\/media\/28643"}],"wp:attachment":[{"href":"https:\/\/www.museuhistoricosl.com.br\/loja\/wp-json\/wp\/v2\/media?parent=28644"}],"wp:term":[{"taxonomy":"product_cat","embeddable":true,"href":"https:\/\/www.museuhistoricosl.com.br\/loja\/wp-json\/wp\/v2\/product_cat?post=28644"},{"taxonomy":"product_tag","embeddable":true,"href":"https:\/\/www.museuhistoricosl.com.br\/loja\/wp-json\/wp\/v2\/product_tag?post=28644"}],"curies":[{"name":"wp","href":"https:\/\/api.w.org\/{rel}","templated":true}]}}

<p>Artes, Peça Teatral América Desperta, de Juan Sosa, Biblioteca Pública Municipal SL, 14/07/1985; Eventos, shows, feiras, cultura; </p>

<p>Artes, Peça Teatral América Desperta, de Juan Sosa, Biblioteca Pública Municipal SL, 14/07/1985; Eventos, shows, feiras, cultura;</p>
