{"id":28582,"date":"2022-01-06T09:03:33","date_gmt":"2022-01-06T12:03:33","guid":{"rendered":"https:\/\/www.museuhistoricosl.com.br\/loja\/produto\/sl076-fd-0225\/"},"modified":"2022-01-06T09:03:33","modified_gmt":"2022-01-06T12:03:33","slug":"sl076-fd-0225","status":"publish","type":"product","link":"https:\/\/www.museuhistoricosl.com.br\/loja\/produto\/sl076-fd-0225\/","title":{"rendered":"SL076-FD-0225"},"content":{"rendered":"<p>Artes, Alelier Galeria de Artes Liana Brand\u00e3o, Exposi\u00e7\u00e3o de Carlos Alberto de Oliveira, 01\/12\/1983, Othon Blessmann, Luiz Marobin, Eva Alvea; Eventos, shows, feiras, cultura; <\/p>\n","protected":false},"excerpt":{"rendered":"<p>Artes, Alelier Galeria de Artes Liana Brand\u00e3o, Exposi\u00e7\u00e3o de Carlos Alberto de Oliveira, 01\/12\/1983, Othon Blessmann, Luiz Marobin, Eva Alvea;<\/p>\n","protected":false},"featured_media":28581,"comment_status":"open","ping_status":"closed","template":"","meta":{"_acf_changed":false},"product_cat":[65,62,64,63],"product_tag":[],"class_list":["post-28582","product","type-product","status-publish","has-post-thumbnail","hentry","product_cat-cultura","product_cat-eventos","product_cat-feiras","product_cat-shows"],"acf":[],"_links":{"self":[{"href":"https:\/\/www.museuhistoricosl.com.br\/loja\/wp-json\/wp\/v2\/product\/28582","targetHints":{"allow":["GET"]}}],"collection":[{"href":"https:\/\/www.museuhistoricosl.com.br\/loja\/wp-json\/wp\/v2\/product"}],"about":[{"href":"https:\/\/www.museuhistoricosl.com.br\/loja\/wp-json\/wp\/v2\/types\/product"}],"replies":[{"embeddable":true,"href":"https:\/\/www.museuhistoricosl.com.br\/loja\/wp-json\/wp\/v2\/comments?post=28582"}],"wp:featuredmedia":[{"embeddable":true,"href":"https:\/\/www.museuhistoricosl.com.br\/loja\/wp-json\/wp\/v2\/media\/28581"}],"wp:attachment":[{"href":"https:\/\/www.museuhistoricosl.com.br\/loja\/wp-json\/wp\/v2\/media?parent=28582"}],"wp:term":[{"taxonomy":"product_cat","embeddable":true,"href":"https:\/\/www.museuhistoricosl.com.br\/loja\/wp-json\/wp\/v2\/product_cat?post=28582"},{"taxonomy":"product_tag","embeddable":true,"href":"https:\/\/www.museuhistoricosl.com.br\/loja\/wp-json\/wp\/v2\/product_tag?post=28582"}],"curies":[{"name":"wp","href":"https:\/\/api.w.org\/{rel}","templated":true}]}}

<p>Artes, Alelier Galeria de Artes Liana Brandão, Exposição de Carlos Alberto de Oliveira, 01/12/1983, Othon Blessmann, Luiz Marobin, Eva Alvea; Eventos, shows, feiras, cultura; </p>

<p>Artes, Alelier Galeria de Artes Liana Brandão, Exposição de Carlos Alberto de Oliveira, 01/12/1983, Othon Blessmann, Luiz Marobin, Eva Alvea;</p>
